Last updated on 2025-04-29 07:50:08 CEST.
Flavor | Version | Tinstall | Tcheck | Ttotal | Status | Flags |
---|---|---|---|---|---|---|
r-devel-linux-x86_64-debian-clang | 4.2-1 | 2.31 | 19.45 | 21.76 | OK | |
r-devel-linux-x86_64-debian-gcc | 4.2-1 | 1.80 | 15.83 | 17.63 | NOTE | |
r-devel-linux-x86_64-fedora-clang | 4.2-1 | 34.31 | OK | |||
r-devel-linux-x86_64-fedora-gcc | 4.2-1 | 33.02 | OK | |||
r-devel-windows-x86_64 | 4.2-1 | 3.00 | 41.00 | 44.00 | OK | |
r-patched-linux-x86_64 | 4.2-1 | 2.24 | 19.08 | 21.32 | OK | |
r-release-linux-x86_64 | 4.2-1 | 1.94 | 18.87 | 20.81 | OK | |
r-release-macos-arm64 | 4.2-1 | 16.00 | OK | |||
r-release-macos-x86_64 | 4.2-1 | 25.00 | OK | |||
r-release-windows-x86_64 | 4.2-1 | 3.00 | 44.00 | 47.00 | OK | |
r-oldrel-macos-arm64 | 4.2-1 | 20.00 | OK | |||
r-oldrel-macos-x86_64 | 4.2-1 | 20.00 | OK | |||
r-oldrel-windows-x86_64 | 4.2-1 | 3.00 | 39.00 | 42.00 | OK |
Version: 4.2-1
Check: CRAN incoming feasibility
Result: NOTE
Maintainer: ‘Andrew Harris <harris@astro.umd.edu>’
No Authors@R field in DESCRIPTION.
Please add one, modifying
Authors@R: person(given = "Andrew",
family = "Harris",
role = c("aut", "cre"),
email = "harris@astro.umd.edu")
as necessary.
Flavor: r-devel-linux-x86_64-debian-gcc