CRAN Package Check Results for Package auctestr

Last updated on 2025-07-13 04:48:40 CEST.

Flavor Version Tinstall Tcheck Ttotal Status Flags
r-devel-linux-x86_64-debian-clang 1.0.0 3.60 38.93 42.53 NOTE
r-devel-linux-x86_64-debian-gcc 1.0.0 2.42 29.86 32.28 NOTE
r-devel-linux-x86_64-fedora-clang 1.0.0 68.37 NOTE
r-devel-linux-x86_64-fedora-gcc 1.0.0 77.01 NOTE
r-devel-windows-x86_64 1.0.0 5.00 57.00 62.00 OK
r-patched-linux-x86_64 1.0.0 3.56 36.97 40.53 OK
r-release-linux-x86_64 1.0.0 3.75 36.49 40.24 OK
r-release-macos-arm64 1.0.0 31.00 OK
r-release-macos-x86_64 1.0.0 53.00 OK
r-release-windows-x86_64 1.0.0 6.00 60.00 66.00 OK
r-oldrel-macos-arm64 1.0.0 30.00 OK
r-oldrel-macos-x86_64 1.0.0 44.00 OK
r-oldrel-windows-x86_64 1.0.0 8.00 65.00 73.00 OK

Check Details

Version: 1.0.0
Check: CRAN incoming feasibility
Result: NOTE Maintainer: ‘Josh Gardner <jpgard@umich.edu>’ Package CITATION file contains call(s) to old-style personList() or as.personList(). Please use c() on person objects instead. Package CITATION file contains call(s) to old-style citEntry(). Please use bibentry() instead. Flavors: r-devel-linux-x86_64-debian-clang, r-devel-linux-x86_64-debian-gcc

Version: 1.0.0
Check: dependencies in R code
Result: NOTE Namespace in Imports field not imported from: ‘tidyr’ All declared Imports should be used. Flavors: r-devel-linux-x86_64-fedora-clang, r-devel-linux-x86_64-fedora-gcc