CRAN Package Check Results for Package audubon

Last updated on 2025-07-12 22:49:03 CEST.

Flavor Version Tinstall Tcheck Ttotal Status Flags
r-devel-linux-x86_64-debian-clang 0.5.2 4.25 48.48 52.73 NOTE
r-devel-linux-x86_64-debian-gcc 0.5.2 2.93 38.02 40.95 NOTE
r-devel-linux-x86_64-fedora-clang 0.5.2 79.05 NOTE
r-devel-linux-x86_64-fedora-gcc 0.5.2 76.25 NOTE
r-devel-windows-x86_64 0.5.2 6.00 66.00 72.00 NOTE
r-patched-linux-x86_64 0.5.2 4.83 45.00 49.83 NOTE
r-release-linux-x86_64 0.5.2 3.70 44.29 47.99 NOTE
r-release-macos-arm64 0.5.2 28.00 NOTE
r-release-macos-x86_64 0.5.2 48.00 NOTE
r-release-windows-x86_64 0.5.2 7.00 68.00 75.00 NOTE
r-oldrel-macos-arm64 0.5.2 30.00 OK
r-oldrel-macos-x86_64 0.5.2 41.00 OK
r-oldrel-windows-x86_64 0.5.2 8.00 77.00 85.00 OK

Check Details

Version: 0.5.2
Check: DESCRIPTION meta-information
Result: NOTE Missing dependency on R >= 4.1.0 because package code uses the pipe |> or function shorthand \(...) syntax added in R 4.1.0. File(s) using such syntax: ‘bind_lr.Rd’ ‘lex_density.Rd’ Flavors: r-devel-linux-x86_64-debian-clang, r-devel-linux-x86_64-debian-gcc, r-devel-linux-x86_64-fedora-clang, r-devel-linux-x86_64-fedora-gcc, r-devel-windows-x86_64, r-patched-linux-x86_64, r-release-linux-x86_64, r-release-macos-arm64, r-release-macos-x86_64, r-release-windows-x86_64