Last updated on 2025-07-12 22:49:03 CEST.
Flavor | Version | Tinstall | Tcheck | Ttotal | Status | Flags |
---|---|---|---|---|---|---|
r-devel-linux-x86_64-debian-clang | 0.3.0 | 2.78 | 146.19 | 148.97 | NOTE | |
r-devel-linux-x86_64-debian-gcc | 0.3.0 | 2.18 | 97.44 | 99.62 | NOTE | |
r-devel-linux-x86_64-fedora-clang | 0.3.0 | 226.52 | NOTE | |||
r-devel-linux-x86_64-fedora-gcc | 0.3.0 | 235.14 | NOTE | |||
r-devel-windows-x86_64 | 0.3.0 | 5.00 | 151.00 | 156.00 | NOTE | |
r-patched-linux-x86_64 | 0.3.0 | 2.82 | 135.77 | 138.59 | NOTE | |
r-release-linux-x86_64 | 0.3.0 | 3.13 | 134.32 | 137.45 | NOTE | |
r-release-macos-arm64 | 0.3.0 | 89.00 | NOTE | |||
r-release-macos-x86_64 | 0.3.0 | 129.00 | NOTE | |||
r-release-windows-x86_64 | 0.3.0 | 5.00 | 156.00 | 161.00 | NOTE | |
r-oldrel-macos-arm64 | 0.3.0 | 65.00 | NOTE | |||
r-oldrel-macos-x86_64 | 0.3.0 | 99.00 | NOTE | |||
r-oldrel-windows-x86_64 | 0.3.0 | 7.00 | 184.00 | 191.00 | NOTE |
Version: 0.3.0
Check: Rd files
Result: NOTE
checkRd: (-1) noauto_scorecard.Rd:20: Lost braces; missing escapes or markup?
20 | \item{fit}{See glm {stats}.}
| ^
checkRd: (-1) noauto_scorecard2.Rd:21: Lost braces; missing escapes or markup?
21 | \item{fit}{See glm {stats}.}
| ^
Flavors: r-devel-linux-x86_64-debian-clang, r-devel-linux-x86_64-debian-gcc, r-devel-linux-x86_64-fedora-clang, r-devel-linux-x86_64-fedora-gcc, r-devel-windows-x86_64, r-patched-linux-x86_64, r-release-linux-x86_64, r-release-macos-arm64, r-release-macos-x86_64, r-release-windows-x86_64, r-oldrel-macos-arm64, r-oldrel-macos-x86_64, r-oldrel-windows-x86_64