Last updated on 2025-07-12 22:49:04 CEST.
Flavor | Version | Tinstall | Tcheck | Ttotal | Status | Flags |
---|---|---|---|---|---|---|
r-devel-linux-x86_64-debian-clang | 2.2.13 | 228.25 | 69.02 | 297.27 | NOTE | |
r-devel-linux-x86_64-debian-gcc | 2.2.13 | 187.11 | 66.05 | 253.16 | NOTE | |
r-devel-linux-x86_64-fedora-clang | 2.2.13 | 411.82 | OK | |||
r-devel-linux-x86_64-fedora-gcc | 2.2.13 | 571.85 | OK | |||
r-devel-windows-x86_64 | 2.2.13 | 192.00 | 118.00 | 310.00 | OK | |
r-patched-linux-x86_64 | 2.2.13 | 262.17 | 86.22 | 348.39 | NOTE | |
r-release-linux-x86_64 | 2.2.13 | 252.87 | 86.09 | 338.96 | NOTE | |
r-release-macos-arm64 | 2.2.13 | 134.00 | OK | |||
r-release-macos-x86_64 | 2.2.13 | 282.00 | OK | |||
r-release-windows-x86_64 | 2.2.13 | 192.00 | 133.00 | 325.00 | OK | |
r-oldrel-macos-arm64 | 2.2.13 | 112.00 | NOTE | |||
r-oldrel-macos-x86_64 | 2.2.13 | 297.00 | NOTE | |||
r-oldrel-windows-x86_64 | 2.2.13 | 240.00 | 140.00 | 380.00 | OK |
Version: 2.2.13
Check: for unstated dependencies in ‘demo’
Result: NOTE
'data(package=)' call not declared from: ‘NAM’
Flavors: r-devel-linux-x86_64-debian-clang, r-devel-linux-x86_64-debian-gcc, r-patched-linux-x86_64, r-release-linux-x86_64
Version: 2.2.13
Check: installed package size
Result: NOTE
installed size is 129.4Mb
sub-directories of 1Mb or more:
libs 129.0Mb
Flavors: r-oldrel-macos-arm64, r-oldrel-macos-x86_64