Last updated on 2025-07-12 22:49:03 CEST.
Flavor | Version | Tinstall | Tcheck | Ttotal | Status | Flags |
---|---|---|---|---|---|---|
r-devel-linux-x86_64-debian-clang | 2.2.1 | 153.89 | 414.62 | 568.51 | OK | |
r-devel-linux-x86_64-debian-gcc | 2.2.1 | 100.61 | 127.35 | 227.96 | OK | |
r-devel-linux-x86_64-fedora-clang | 2.2.1 | 758.31 | OK | |||
r-devel-linux-x86_64-fedora-gcc | 2.2.1 | 547.65 | OK | |||
r-devel-windows-x86_64 | 2.2.1 | 170.00 | 225.00 | 395.00 | OK | |
r-patched-linux-x86_64 | 2.2.1 | 148.58 | 169.48 | 318.06 | OK | |
r-release-linux-x86_64 | 2.2.1 | 142.22 | 169.25 | 311.47 | OK | |
r-release-macos-arm64 | 2.2.1 | 128.00 | OK | |||
r-release-macos-x86_64 | 2.2.1 | 320.00 | OK | |||
r-release-windows-x86_64 | 2.2.1 | 170.00 | 228.00 | 398.00 | OK | |
r-oldrel-macos-arm64 | 2.2.1 | 139.00 | NOTE | |||
r-oldrel-macos-x86_64 | 2.2.1 | 207.00 | NOTE | |||
r-oldrel-windows-x86_64 | 2.2.1 | 201.00 | 262.00 | 463.00 | OK |
Version: 2.2.1
Check: installed package size
Result: NOTE
installed size is 7.2Mb
sub-directories of 1Mb or more:
libs 6.8Mb
Flavors: r-oldrel-macos-arm64, r-oldrel-macos-x86_64