Last updated on 2024-06-13 00:55:08 CEST.
Flavor | Version | Tinstall | Tcheck | Ttotal | Status | Flags |
---|---|---|---|---|---|---|
r-devel-linux-x86_64-debian-clang | 1.2.1.0 | 28.12 | 150.94 | 179.06 | NOTE | |
r-devel-linux-x86_64-debian-gcc | 1.2.1.0 | 0.39 | 1.91 | 2.30 | ERROR | |
r-devel-linux-x86_64-fedora-clang | 1.2.1.0 | 237.05 | NOTE | |||
r-devel-linux-x86_64-fedora-gcc | 1.2.1.0 | 226.83 | NOTE | |||
r-devel-windows-x86_64 | 1.2.1.0 | 16.00 | 111.00 | 127.00 | NOTE | |
r-patched-linux-x86_64 | 1.2.1.0 | 19.27 | 148.94 | 168.21 | NOTE | |
r-release-linux-x86_64 | 1.2.1.0 | 27.63 | 142.90 | 170.53 | NOTE | |
r-release-macos-arm64 | 1.2.1.0 | 66.00 | NOTE | |||
r-release-macos-x86_64 | 1.2.1.0 | 96.00 | NOTE | |||
r-release-windows-x86_64 | 1.2.1.0 | 18.00 | 112.00 | 130.00 | NOTE | |
r-oldrel-macos-arm64 | 1.2.1.0 | 51.00 | OK | |||
r-oldrel-macos-x86_64 | 1.2.1.0 | 85.00 | OK | |||
r-oldrel-windows-x86_64 | 1.2.1.0 | 21.00 | 141.00 | 162.00 | OK |
Version: 1.2.1.0
Check: Rd files
Result: NOTE
checkRd: (-1) BMSC_pareto_k_table.Rd:54-56: Lost braces in \itemize; \value handles \item{}{} directly
checkRd: (-1) BMSC_pareto_k_table.Rd:57-59: Lost braces in \itemize; \value handles \item{}{} directly
checkRd: (-1) BMSC_pareto_k_table.Rd:60-63: Lost braces in \itemize; \value handles \item{}{} directly
checkRd: (-1) BMSC_pareto_k_table.Rd:64-66: Lost braces in \itemize; \value handles \item{}{} directly
checkRd: (-1) BMSC_pareto_k_table.Rd:67-71: Lost braces in \itemize; \value handles \item{}{} directly
checkRd: (-1) BMSC_pareto_k_table.Rd:72-74: Lost braces in \itemize; \value handles \item{}{} directly
Flavors: r-devel-linux-x86_64-debian-clang, r-devel-linux-x86_64-fedora-clang, r-devel-linux-x86_64-fedora-gcc, r-devel-windows-x86_64, r-patched-linux-x86_64, r-release-linux-x86_64, r-release-macos-arm64, r-release-macos-x86_64, r-release-windows-x86_64
Version: 1.2.1.0
Check: package dependencies
Result: ERROR
Packages required but not available: 'rstan', 'ggplot2', 'bayesplot', 'loo'
Packages suggested but not available for checking:
'reshape2', 'bridgesampling', 'testthat'
See section ‘The DESCRIPTION file’ in the ‘Writing R Extensions’
manual.
Flavor: r-devel-linux-x86_64-debian-gcc