Last updated on 2025-07-13 10:48:17 CEST.
Flavor | Version | Tinstall | Tcheck | Ttotal | Status | Flags |
---|---|---|---|---|---|---|
r-devel-linux-x86_64-debian-clang | 0.3.0 | 9.72 | 90.79 | 100.51 | NOTE | |
r-devel-linux-x86_64-debian-gcc | 0.3.0 | 6.62 | 63.77 | 70.39 | NOTE | |
r-devel-linux-x86_64-fedora-clang | 0.3.0 | 151.73 | NOTE | |||
r-devel-linux-x86_64-fedora-gcc | 0.3.0 | 142.21 | NOTE | |||
r-devel-windows-x86_64 | 0.3.0 | 10.00 | 89.00 | 99.00 | NOTE | |
r-patched-linux-x86_64 | 0.3.0 | 9.61 | 82.96 | 92.57 | NOTE | |
r-release-linux-x86_64 | 0.3.0 | 8.27 | 82.98 | 91.25 | NOTE | |
r-release-macos-arm64 | 0.3.0 | 53.00 | NOTE | |||
r-release-macos-x86_64 | 0.3.0 | 78.00 | NOTE | |||
r-release-windows-x86_64 | 0.3.0 | 11.00 | 91.00 | 102.00 | NOTE | |
r-oldrel-macos-arm64 | 0.3.0 | 44.00 | OK | |||
r-oldrel-macos-x86_64 | 0.3.0 | 87.00 | OK | |||
r-oldrel-windows-x86_64 | 0.3.0 | 14.00 | 113.00 | 127.00 | OK |
Version: 0.3.0
Check: DESCRIPTION meta-information
Result: NOTE
Missing dependency on R >= 4.1.0 because package code uses the pipe
|> or function shorthand \(...) syntax added in R 4.1.0.
File(s) using such syntax:
‘plot.R’ ‘utils.R’
Flavors: r-devel-linux-x86_64-debian-clang, r-devel-linux-x86_64-debian-gcc, r-devel-linux-x86_64-fedora-clang, r-devel-linux-x86_64-fedora-gcc, r-devel-windows-x86_64, r-patched-linux-x86_64, r-release-linux-x86_64, r-release-macos-arm64, r-release-macos-x86_64, r-release-windows-x86_64