CRAN Package Check Results for Package brainKCCA

Last updated on 2025-07-12 22:49:04 CEST.

Flavor Version Tinstall Tcheck Ttotal Status Flags
r-devel-linux-x86_64-debian-clang 0.1.0 8.41 63.29 71.70 OK
r-devel-linux-x86_64-debian-gcc 0.1.0 6.80 47.68 54.48 OK
r-devel-linux-x86_64-fedora-clang 0.1.0 110.78 NOTE
r-devel-linux-x86_64-fedora-gcc 0.1.0 119.73 NOTE
r-devel-windows-x86_64 0.1.0 10.00 87.00 97.00 OK
r-patched-linux-x86_64 0.1.0 8.69 60.10 68.79 OK
r-release-linux-x86_64 0.1.0 6.80 59.70 66.50 OK
r-release-macos-arm64 0.1.0 55.00 OK
r-release-macos-x86_64 0.1.0 81.00 OK
r-release-windows-x86_64 0.1.0 10.00 91.00 101.00 OK
r-oldrel-macos-arm64 0.1.0 56.00 OK
r-oldrel-macos-x86_64 0.1.0 80.00 OK
r-oldrel-windows-x86_64 0.1.0 14.00 103.00 117.00 OK

Check Details

Version: 0.1.0
Check: dependencies in R code
Result: NOTE Namespaces in Imports field not imported from: ‘CCA’ ‘brainR’ ‘elasticnet’ All declared Imports should be used. Flavors: r-devel-linux-x86_64-fedora-clang, r-devel-linux-x86_64-fedora-gcc