CRAN Package Check Results for Package bubblyr

Last updated on 2025-07-13 04:48:41 CEST.

Flavor Version Tinstall Tcheck Ttotal Status Flags
r-devel-linux-x86_64-debian-clang 0.1.2 1.89 23.59 25.48 OK
r-devel-linux-x86_64-debian-gcc 0.1.2 1.70 19.88 21.58 OK
r-devel-linux-x86_64-fedora-clang 0.1.2 39.01 OK
r-devel-linux-x86_64-fedora-gcc 0.1.2 50.43 OK
r-devel-windows-x86_64 0.1.2 3.00 49.00 52.00 OK
r-patched-linux-x86_64 0.1.2 1.78 22.07 23.85 OK
r-release-linux-x86_64 0.1.2 1.86 21.50 23.36 OK
r-release-macos-arm64 0.1.2 30.00 OK
r-release-macos-x86_64 0.1.2 46.00 OK
r-release-windows-x86_64 0.1.2 3.00 50.00 53.00 OK
r-oldrel-macos-arm64 0.1.2 23.00 NOTE
r-oldrel-macos-x86_64 0.1.2 35.00 NOTE
r-oldrel-windows-x86_64 0.1.2 3.00 52.00 55.00 NOTE

Check Details

Version: 0.1.2
Check: LazyData
Result: NOTE 'LazyData' is specified without a 'data' directory Flavors: r-oldrel-macos-arm64, r-oldrel-macos-x86_64, r-oldrel-windows-x86_64