CRAN Package Check Results for Package bundesligR

Last updated on 2025-07-13 04:48:41 CEST.

Flavor Version Tinstall Tcheck Ttotal Status Flags
r-devel-linux-x86_64-debian-clang 0.1.0 1.45 16.64 18.09 NOTE
r-devel-linux-x86_64-debian-gcc 0.1.0 1.24 13.48 14.72 NOTE
r-devel-linux-x86_64-fedora-clang 0.1.0 26.77 OK
r-devel-linux-x86_64-fedora-gcc 0.1.0 25.31 OK
r-devel-windows-x86_64 0.1.0 2.00 32.00 34.00 OK
r-patched-linux-x86_64 0.1.0 1.46 14.79 16.25 OK
r-release-linux-x86_64 0.1.0 1.47 14.89 16.36 OK
r-release-macos-arm64 0.1.0 14.00 OK
r-release-macos-x86_64 0.1.0 21.00 OK
r-release-windows-x86_64 0.1.0 4.00 35.00 39.00 OK
r-oldrel-macos-arm64 0.1.0 17.00 OK
r-oldrel-macos-x86_64 0.1.0 17.00 OK
r-oldrel-windows-x86_64 0.1.0 2.00 33.00 35.00 OK

Check Details

Version: 0.1.0
Check: CRAN incoming feasibility
Result: NOTE Maintainer: ‘Philipp Ottolinger <philipp@ottolinger.de>’ No Authors@R field in DESCRIPTION. Please add one, modifying Authors@R: person(given = "Philipp", family = "Ottolinger", role = c("aut", "cre"), email = "philipp@ottolinger.de") as necessary. Flavors: r-devel-linux-x86_64-debian-clang, r-devel-linux-x86_64-debian-gcc