Last updated on 2025-07-12 22:49:05 CEST.
Flavor | Version | Tinstall | Tcheck | Ttotal | Status | Flags |
---|---|---|---|---|---|---|
r-devel-linux-x86_64-debian-clang | 1.3.2 | 52.01 | 305.46 | 357.47 | NOTE | |
r-devel-linux-x86_64-debian-gcc | 1.3.2 | 37.80 | 249.74 | 287.54 | NOTE | |
r-devel-linux-x86_64-fedora-clang | 1.3.2 | 614.98 | NOTE | |||
r-devel-linux-x86_64-fedora-gcc | 1.3.2 | 574.23 | NOTE | |||
r-devel-windows-x86_64 | 1.3.2 | 59.00 | 368.00 | 427.00 | NOTE | |
r-patched-linux-x86_64 | 1.3.2 | 55.58 | 284.17 | 339.75 | NOTE | |
r-release-linux-x86_64 | 1.3.2 | 54.37 | 281.79 | 336.16 | NOTE | |
r-release-macos-arm64 | 1.3.2 | 268.00 | NOTE | |||
r-release-macos-x86_64 | 1.3.2 | 426.00 | NOTE | |||
r-release-windows-x86_64 | 1.3.2 | 59.00 | 376.00 | 435.00 | NOTE | |
r-oldrel-macos-arm64 | 1.3.2 | 225.00 | NOTE | |||
r-oldrel-macos-x86_64 | 1.3.2 | 320.00 | NOTE | |||
r-oldrel-windows-x86_64 | 1.3.2 | 71.00 | 430.00 | 501.00 | NOTE |
Version: 1.3.2
Check: CRAN incoming feasibility
Result: NOTE
Maintainer: ‘James Joseph Balamuta <balamut2@illinois.edu>’
Package CITATION file contains call(s) to old-style personList() or
as.personList(). Please use c() on person objects instead.
Package CITATION file contains call(s) to old-style citEntry(). Please
use bibentry() instead.
Flavors: r-devel-linux-x86_64-debian-clang, r-devel-linux-x86_64-debian-gcc
Version: 1.3.2
Check: C++ specification
Result: NOTE
Specified C++11: please drop specification unless essential
Flavors: r-devel-linux-x86_64-debian-clang, r-devel-linux-x86_64-debian-gcc, r-devel-linux-x86_64-fedora-clang, r-devel-linux-x86_64-fedora-gcc, r-devel-windows-x86_64, r-patched-linux-x86_64, r-release-linux-x86_64, r-release-macos-arm64, r-release-macos-x86_64, r-release-windows-x86_64, r-oldrel-macos-arm64, r-oldrel-macos-x86_64, r-oldrel-windows-x86_64