Last updated on 2025-11-05 03:50:03 CET.
| Flavor | Version | Tinstall | Tcheck | Ttotal | Status | Flags |
|---|---|---|---|---|---|---|
| r-devel-linux-x86_64-debian-clang | 2.2.1 | 75.39 | 84.03 | 159.42 | OK | |
| r-devel-linux-x86_64-debian-gcc | 2.2.1 | 51.53 | 58.90 | 110.43 | OK | |
| r-devel-linux-x86_64-fedora-clang | 2.2.1 | 110.00 | 129.07 | 239.07 | OK | |
| r-devel-linux-x86_64-fedora-gcc | 2.2.1 | 319.00 | -42.56 | 276.44 | OK | |
| r-devel-windows-x86_64 | 2.2.1 | 72.00 | 110.00 | 182.00 | OK | |
| r-patched-linux-x86_64 | 2.2.1 | 72.58 | 77.16 | 149.74 | OK | |
| r-release-linux-x86_64 | 2.2.1 | 74.73 | 77.12 | 151.85 | OK | |
| r-release-macos-arm64 | 2.2.1 | 34.00 | 34.00 | 68.00 | OK | |
| r-release-macos-x86_64 | 2.2.1 | 62.00 | 54.00 | 116.00 | OK | |
| r-release-windows-x86_64 | 2.2.1 | 71.00 | 109.00 | 180.00 | OK | |
| r-oldrel-macos-arm64 | 2.2.1 | 29.00 | 29.00 | 58.00 | NOTE | |
| r-oldrel-macos-x86_64 | 2.2.1 | 42.00 | 46.00 | 88.00 | NOTE | |
| r-oldrel-windows-x86_64 | 2.2.1 | 86.00 | 142.00 | 228.00 | OK |
Version: 2.2.1
Check: installed package size
Result: NOTE
installed size is 10.6Mb
sub-directories of 1Mb or more:
libs 10.2Mb
Flavors: r-oldrel-macos-arm64, r-oldrel-macos-x86_64