Last updated on 2024-06-19 20:58:24 CEST.
Flavor | Version | Tinstall | Tcheck | Ttotal | Status | Flags |
---|---|---|---|---|---|---|
r-devel-linux-x86_64-debian-clang | 2.2.1 | 102.43 | 88.04 | 190.47 | OK | |
r-devel-linux-x86_64-debian-gcc | 2.2.1 | 67.90 | 63.04 | 130.94 | OK | |
r-devel-linux-x86_64-fedora-clang | 2.2.1 | 232.66 | OK | |||
r-devel-linux-x86_64-fedora-gcc | 2.2.1 | 248.55 | OK | |||
r-devel-windows-x86_64 | 2.2.1 | 71.00 | 104.00 | 175.00 | OK | |
r-patched-linux-x86_64 | 2.2.1 | 81.07 | 84.13 | 165.20 | OK | |
r-release-linux-x86_64 | 2.2.1 | 87.90 | 83.59 | 171.49 | OK | |
r-release-macos-arm64 | 2.2.1 | 58.00 | NOTE | |||
r-release-macos-x86_64 | 2.2.1 | 88.00 | NOTE | |||
r-release-windows-x86_64 | 2.2.1 | 71.00 | 105.00 | 176.00 | OK | |
r-oldrel-macos-arm64 | 2.2.1 | 80.00 | NOTE | |||
r-oldrel-macos-x86_64 | 2.2.1 | 130.00 | NOTE | |||
r-oldrel-windows-x86_64 | 2.2.1 | 83.00 | 128.00 | 211.00 | OK |
Version: 2.2.1
Check: installed package size
Result: NOTE
installed size is 10.6Mb
sub-directories of 1Mb or more:
libs 10.2Mb
Flavors: r-release-macos-arm64, r-release-macos-x86_64, r-oldrel-macos-arm64, r-oldrel-macos-x86_64