CRAN Package Check Results for Package carpenter

Last updated on 2025-07-12 22:49:04 CEST.

Flavor Version Tinstall Tcheck Ttotal Status Flags
r-devel-linux-x86_64-debian-clang 0.2.2 3.37 42.09 45.46 OK
r-devel-linux-x86_64-debian-gcc 0.2.2 2.41 32.42 34.83 OK
r-devel-linux-x86_64-fedora-clang 0.2.2 70.27 OK
r-devel-linux-x86_64-fedora-gcc 0.2.2 79.91 OK
r-devel-windows-x86_64 0.2.2 5.00 58.00 63.00 OK
r-patched-linux-x86_64 0.2.2 3.46 38.52 41.98 OK
r-release-linux-x86_64 0.2.2 2.87 38.56 41.43 OK
r-release-macos-arm64 0.2.2 33.00 OK
r-release-macos-x86_64 0.2.2 55.00 OK
r-release-windows-x86_64 0.2.2 5.00 59.00 64.00 OK
r-oldrel-macos-arm64 0.2.2 31.00 NOTE
r-oldrel-macos-x86_64 0.2.2 44.00 NOTE
r-oldrel-windows-x86_64 0.2.2 6.00 72.00 78.00 NOTE

Check Details

Version: 0.2.2
Check: LazyData
Result: NOTE 'LazyData' is specified without a 'data' directory Flavors: r-oldrel-macos-arm64, r-oldrel-macos-x86_64, r-oldrel-windows-x86_64