Last updated on 2025-07-12 22:49:05 CEST.
Flavor | Version | Tinstall | Tcheck | Ttotal | Status | Flags |
---|---|---|---|---|---|---|
r-devel-linux-x86_64-debian-clang | 1.0.2 | 57.39 | 136.33 | 193.72 | OK | |
r-devel-linux-x86_64-debian-gcc | 1.0.2 | 46.14 | 95.01 | 141.15 | OK | |
r-devel-linux-x86_64-fedora-clang | 1.0.2 | 294.80 | OK | |||
r-devel-linux-x86_64-fedora-gcc | 1.0.2 | 299.03 | OK | |||
r-devel-windows-x86_64 | 1.0.2 | 52.00 | 139.00 | 191.00 | OK | |
r-patched-linux-x86_64 | 1.0.2 | 53.89 | 123.94 | 177.83 | OK | |
r-release-linux-x86_64 | 1.0.2 | 53.48 | 126.93 | 180.41 | OK | |
r-release-macos-arm64 | 1.0.2 | 102.00 | OK | |||
r-release-macos-x86_64 | 1.0.2 | 187.00 | OK | |||
r-release-windows-x86_64 | 1.0.2 | 54.00 | 140.00 | 194.00 | OK | |
r-oldrel-macos-arm64 | 1.0.2 | 112.00 | NOTE | |||
r-oldrel-macos-x86_64 | 1.0.2 | 147.00 | NOTE | |||
r-oldrel-windows-x86_64 | 1.0.2 | 77.00 | 190.00 | 267.00 | OK |
Version: 1.0.2
Check: installed package size
Result: NOTE
installed size is 5.9Mb
sub-directories of 1Mb or more:
data 5.5Mb
Flavors: r-oldrel-macos-arm64, r-oldrel-macos-x86_64