CRAN Package Check Results for Package chunked

Last updated on 2025-07-12 22:49:05 CEST.

Flavor Version Tinstall Tcheck Ttotal Status Flags
r-devel-linux-x86_64-debian-clang 0.6.0 3.40 42.55 45.95 NOTE
r-devel-linux-x86_64-debian-gcc 0.6.0 2.64 30.29 32.93 NOTE
r-devel-linux-x86_64-fedora-clang 0.6.0 68.26 OK
r-devel-linux-x86_64-fedora-gcc 0.6.0 67.55 OK
r-devel-windows-x86_64 0.6.0 6.00 57.00 63.00 NOTE
r-patched-linux-x86_64 0.6.0 3.84 37.30 41.14 NOTE
r-release-linux-x86_64 0.6.0 3.98 37.30 41.28 NOTE
r-release-macos-arm64 0.6.0 41.00 OK
r-release-macos-x86_64 0.6.0 39.00 OK
r-release-windows-x86_64 0.6.0 5.00 60.00 65.00 NOTE
r-oldrel-macos-arm64 0.6.0 23.00 OK
r-oldrel-macos-x86_64 0.6.0 34.00 OK
r-oldrel-windows-x86_64 0.6.0 8.00 72.00 80.00 OK

Check Details

Version: 0.6.0
Check: Rd cross-references
Result: NOTE Found the following Rd file(s) with Rd \link{} targets missing package anchors: insert_chunkwise_into.Rd: tbl Please provide package anchors for all Rd \link{} targets not in the package itself and the base packages. Flavors: r-devel-linux-x86_64-debian-clang, r-devel-linux-x86_64-debian-gcc, r-devel-windows-x86_64, r-patched-linux-x86_64, r-release-linux-x86_64, r-release-windows-x86_64