CRAN Package Check Results for Package ciccr

Last updated on 2025-07-13 04:48:42 CEST.

Flavor Version Tinstall Tcheck Ttotal Status Flags
r-devel-linux-x86_64-debian-clang 0.3.0 2.33 61.08 63.41 NOTE
r-devel-linux-x86_64-debian-gcc 0.3.0 1.72 45.32 47.04 NOTE
r-devel-linux-x86_64-fedora-clang 0.3.0 96.63 OK
r-devel-linux-x86_64-fedora-gcc 0.3.0 116.38 OK
r-devel-windows-x86_64 0.3.0 5.00 98.00 103.00 OK
r-patched-linux-x86_64 0.3.0 2.81 56.70 59.51 OK
r-release-linux-x86_64 0.3.0 2.64 56.61 59.25 OK
r-release-macos-arm64 0.3.0 51.00 OK
r-release-macos-x86_64 0.3.0 91.00 OK
r-release-windows-x86_64 0.3.0 5.00 100.00 105.00 OK
r-oldrel-macos-arm64 0.3.0 40.00 OK
r-oldrel-macos-x86_64 0.3.0 70.00 OK
r-oldrel-windows-x86_64 0.3.0 5.00 113.00 118.00 OK

Check Details

Version: 0.3.0
Check: CRAN incoming feasibility
Result: NOTE Maintainer: ‘Sokbae Lee <sl3841@columbia.edu>’ The Description field contains <arXiv:2004.08318 [econ.EM]>, accepted for publication in Journal of Please refer to arXiv e-prints via their arXiv DOI <doi:10.48550/arXiv.YYMM.NNNNN>. Flavors: r-devel-linux-x86_64-debian-clang, r-devel-linux-x86_64-debian-gcc