CRAN Package Check Results for Package circlus

Last updated on 2025-07-13 04:48:42 CEST.

Flavor Version Tinstall Tcheck Ttotal Status Flags
r-devel-linux-x86_64-debian-clang 0.0.2 46.55 5.41 51.96 ERROR
r-devel-linux-x86_64-debian-gcc 0.0.2 33.29 71.19 104.48 OK
r-devel-linux-x86_64-fedora-clang 0.0.2 260.22 OK
r-devel-linux-x86_64-fedora-gcc 0.0.2 228.40 OK
r-devel-windows-x86_64 0.0.2 55.00 126.00 181.00 OK
r-patched-linux-x86_64 0.0.2 44.14 4.77 48.91 ERROR
r-release-linux-x86_64 0.0.2 46.95 86.87 133.82 OK
r-release-macos-arm64 0.0.2 59.00 OK
r-release-macos-x86_64 0.0.2 84.00 OK
r-release-windows-x86_64 0.0.2 58.00 130.00 188.00 OK
r-oldrel-macos-arm64 0.0.2 53.00 NOTE
r-oldrel-macos-x86_64 0.0.2 124.00 NOTE
r-oldrel-windows-x86_64 0.0.2 65.00 155.00 220.00 OK

Check Details

Version: 0.0.2
Check: whether the package can be loaded
Result: ERROR Loading this package had a fatal error status code 1 Loading log: Error: package or namespace load failed for ‘circlus’: .onLoad failed in loadNamespace() for 'torch', details: call: inst_path() error: torch cannot write into '/home/hornik/tmp/R.check/r-devel-clang/Work/build/Packages/torch/'. Execution halted Flavor: r-devel-linux-x86_64-debian-clang

Version: 0.0.2
Check: whether the package can be loaded
Result: ERROR Loading this package had a fatal error status code 1 Loading log: Error: package or namespace load failed for ‘circlus’: .onLoad failed in loadNamespace() for 'torch', details: call: inst_path() error: torch cannot write into '/home/hornik/tmp/R.check/r-patched-gcc/Work/build/Packages/torch/'. Execution halted Flavor: r-patched-linux-x86_64

Version: 0.0.2
Check: installed package size
Result: NOTE installed size is 5.8Mb sub-directories of 1Mb or more: data 2.8Mb libs 2.8Mb Flavors: r-oldrel-macos-arm64, r-oldrel-macos-x86_64