CRAN Package Check Results for Package clean

Last updated on 2025-07-13 10:48:18 CEST.

Flavor Version Tinstall Tcheck Ttotal Status Flags
r-devel-linux-x86_64-debian-clang 2.0.0 3.09 21.68 24.77 OK
r-devel-linux-x86_64-debian-gcc 2.0.0 2.48 17.37 19.85 OK
r-devel-linux-x86_64-fedora-clang 2.0.0 37.90 OK
r-devel-linux-x86_64-fedora-gcc 2.0.0 36.17 OK
r-devel-windows-x86_64 2.0.0 5.00 32.00 37.00 OK
r-patched-linux-x86_64 2.0.0 3.05 20.51 23.56 OK
r-release-linux-x86_64 2.0.0 3.05 20.29 23.34 OK
r-release-macos-arm64 2.0.0 17.00 OK
r-release-macos-x86_64 2.0.0 25.00 OK
r-release-windows-x86_64 2.0.0 4.00 34.00 38.00 OK
r-oldrel-macos-arm64 2.0.0 15.00 NOTE
r-oldrel-macos-x86_64 2.0.0 21.00 NOTE
r-oldrel-windows-x86_64 2.0.0 6.00 41.00 47.00 NOTE

Check Details

Version: 2.0.0
Check: LazyData
Result: NOTE 'LazyData' is specified without a 'data' directory Flavors: r-oldrel-macos-arm64, r-oldrel-macos-x86_64, r-oldrel-windows-x86_64