CRAN Package Check Results for Package cleanNLP

Last updated on 2025-07-13 04:48:42 CEST.

Flavor Version Tinstall Tcheck Ttotal Status Flags
r-devel-linux-x86_64-debian-clang 3.1.0 2.27 34.50 36.77 NOTE
r-devel-linux-x86_64-debian-gcc 3.1.0 2.37 28.08 30.45 NOTE
r-devel-linux-x86_64-fedora-clang 3.1.0 59.48 OK
r-devel-linux-x86_64-fedora-gcc 3.1.0 71.10 OK
r-devel-windows-x86_64 3.1.0 4.00 56.00 60.00 OK
r-patched-linux-x86_64 3.1.0 2.90 32.99 35.89 OK
r-release-linux-x86_64 3.1.0 2.92 32.90 35.82 OK
r-release-macos-arm64 3.1.0 38.00 OK
r-release-macos-x86_64 3.1.0 59.00 OK
r-release-windows-x86_64 3.1.0 4.00 60.00 64.00 OK
r-oldrel-macos-arm64 3.1.0 46.00 OK
r-oldrel-macos-x86_64 3.1.0 41.00 OK
r-oldrel-windows-x86_64 3.1.0 6.00 65.00 71.00 OK

Check Details

Version: 3.1.0
Check: CRAN incoming feasibility
Result: NOTE Maintainer: ‘Taylor B. Arnold <tarnold2@richmond.edu>’ No Authors@R field in DESCRIPTION. Please add one, modifying Authors@R: person(given = c("Taylor", "B."), family = "Arnold", role = c("aut", "cre"), email = "tarnold2@richmond.edu") as necessary. Flavors: r-devel-linux-x86_64-debian-clang, r-devel-linux-x86_64-debian-gcc