Last updated on 2025-07-12 22:49:05 CEST.
Flavor | Version | Tinstall | Tcheck | Ttotal | Status | Flags |
---|---|---|---|---|---|---|
r-devel-linux-x86_64-debian-clang | 1.5 | 64.90 | 239.39 | 304.29 | OK | |
r-devel-linux-x86_64-debian-gcc | 1.5 | 43.79 | 170.82 | 214.61 | OK | |
r-devel-linux-x86_64-fedora-clang | 1.5 | 522.01 | OK | |||
r-devel-linux-x86_64-fedora-gcc | 1.5 | 511.87 | OK | |||
r-devel-windows-x86_64 | 1.5 | 70.00 | 232.00 | 302.00 | OK | |
r-patched-linux-x86_64 | 1.5 | 63.19 | 223.33 | 286.52 | OK | |
r-release-linux-x86_64 | 1.5 | 61.39 | 221.62 | 283.01 | OK | |
r-release-macos-arm64 | 1.5 | 121.00 | OK | |||
r-release-macos-x86_64 | 1.5 | 147.00 | OK | |||
r-release-windows-x86_64 | 1.5 | 71.00 | 236.00 | 307.00 | OK | |
r-oldrel-macos-arm64 | 1.5 | 121.00 | NOTE | |||
r-oldrel-macos-x86_64 | 1.5 | 146.00 | NOTE | |||
r-oldrel-windows-x86_64 | 1.5 | 89.00 | 306.00 | 395.00 | OK |
Version: 1.5
Check: installed package size
Result: NOTE
installed size is 5.7Mb
sub-directories of 1Mb or more:
doc 1.2Mb
libs 4.3Mb
Flavors: r-oldrel-macos-arm64, r-oldrel-macos-x86_64