CRAN Package Check Results for Package cnaOpt

Last updated on 2025-07-13 04:48:42 CEST.

Flavor Version Tinstall Tcheck Ttotal Status Flags
r-devel-linux-x86_64-debian-clang 0.5.2 26.61 94.98 121.59 NOTE
r-devel-linux-x86_64-debian-gcc 0.5.2 20.72 66.45 87.17 NOTE
r-devel-linux-x86_64-fedora-clang 0.5.2 200.39 OK
r-devel-linux-x86_64-fedora-gcc 0.5.2 192.00 OK
r-devel-windows-x86_64 0.5.2 34.00 116.00 150.00 NOTE
r-patched-linux-x86_64 0.5.2 28.31 87.58 115.89 NOTE
r-release-linux-x86_64 0.5.2 28.70 87.18 115.88 NOTE
r-release-macos-arm64 0.5.2 54.00 OK
r-release-macos-x86_64 0.5.2 93.00 OK
r-release-windows-x86_64 0.5.2 33.00 122.00 155.00 NOTE
r-oldrel-macos-arm64 0.5.2 53.00 OK
r-oldrel-macos-x86_64 0.5.2 72.00 OK
r-oldrel-windows-x86_64 0.5.2 41.00 152.00 193.00 OK

Check Details

Version: 0.5.2
Check: Rd cross-references
Result: NOTE Found the following Rd file(s) with Rd \link{} targets missing package anchors: cnaOpt.Rd: configTable, rreduce, condTbl, cna conCovOpt.Rd: configTable, cna conCovOpt_utils.Rd: rreduce, condTbl ereduce.Rd: full.ct findOutcomes.Rd: configTable, cna, selectCases, full.ct Please provide package anchors for all Rd \link{} targets not in the package itself and the base packages. Flavors: r-devel-linux-x86_64-debian-clang, r-devel-linux-x86_64-debian-gcc, r-devel-windows-x86_64, r-patched-linux-x86_64, r-release-linux-x86_64, r-release-windows-x86_64