CRAN Package Check Results for Package concstats

Last updated on 2025-07-13 04:48:43 CEST.

Flavor Version Tinstall Tcheck Ttotal Status Flags
r-devel-linux-x86_64-debian-clang 0.1.6 2.18 37.72 39.90 NOTE
r-devel-linux-x86_64-debian-gcc 0.1.6 1.74 30.13 31.87 NOTE
r-devel-linux-x86_64-fedora-clang 0.1.6 60.49 NOTE
r-devel-linux-x86_64-fedora-gcc 0.1.6 71.27 NOTE
r-devel-windows-x86_64 0.1.6 4.00 68.00 72.00 NOTE
r-patched-linux-x86_64 0.1.6 2.19 35.17 37.36 NOTE
r-release-linux-x86_64 0.1.6 2.59 34.98 37.57 NOTE
r-release-macos-arm64 0.1.6 28.00 NOTE
r-release-macos-x86_64 0.1.6 58.00 NOTE
r-release-windows-x86_64 0.1.6 5.00 71.00 76.00 NOTE
r-oldrel-macos-arm64 0.1.6 33.00 NOTE
r-oldrel-macos-x86_64 0.1.6 43.00 NOTE
r-oldrel-windows-x86_64 0.1.6 4.00 74.00 78.00 NOTE

Check Details

Version: 0.1.6
Check: Rd files
Result: NOTE checkRd: (-1) concstats_hhi.Rd:13: Lost braces; missing escapes or markup? 13 | value is required. Ranges from {0, 1} and often used for comparison over | ^ Flavors: r-devel-linux-x86_64-debian-clang, r-devel-linux-x86_64-debian-gcc, r-devel-linux-x86_64-fedora-clang, r-devel-linux-x86_64-fedora-gcc, r-devel-windows-x86_64, r-patched-linux-x86_64, r-release-linux-x86_64, r-release-macos-arm64, r-release-macos-x86_64, r-release-windows-x86_64, r-oldrel-macos-arm64, r-oldrel-macos-x86_64, r-oldrel-windows-x86_64