Last updated on 2025-07-13 04:48:43 CEST.
Flavor | Version | Tinstall | Tcheck | Ttotal | Status | Flags |
---|---|---|---|---|---|---|
r-devel-linux-x86_64-debian-clang | 1.1.0 | 9.18 | 120.52 | 129.70 | OK | |
r-devel-linux-x86_64-debian-gcc | 1.1.0 | 7.09 | 79.93 | 87.02 | OK | |
r-devel-linux-x86_64-fedora-clang | 1.1.0 | 216.34 | OK | |||
r-devel-linux-x86_64-fedora-gcc | 1.1.0 | 230.61 | WARN | |||
r-devel-windows-x86_64 | 1.1.0 | 14.00 | 129.00 | 143.00 | OK | |
r-patched-linux-x86_64 | 1.1.0 | 12.27 | 111.59 | 123.86 | OK | |
r-release-linux-x86_64 | 1.1.0 | 12.63 | 112.01 | 124.64 | OK | |
r-release-macos-arm64 | 1.1.0 | 77.00 | OK | |||
r-release-macos-x86_64 | 1.1.0 | 146.00 | OK | |||
r-release-windows-x86_64 | 1.1.0 | 16.00 | 126.00 | 142.00 | OK | |
r-oldrel-macos-arm64 | 1.1.0 | 61.00 | OK | |||
r-oldrel-macos-x86_64 | 1.1.0 | 159.00 | OK | |||
r-oldrel-windows-x86_64 | 1.1.0 | 18.00 | 164.00 | 182.00 | OK |
Version: 1.1.0
Check: replacement functions
Result: WARN
‘.cstr_construct.:.R6’ ‘.cstr_construct.:.R6ClassGenerator’
‘.cstr_construct.:.R6’ ‘.cstr_construct.:.R6ClassGenerator’
The argument of a replacement function which corresponds to the right
hand side must be named ‘value’.
Flavor: r-devel-linux-x86_64-fedora-gcc