CRAN Package Check Results for Package covr

Last updated on 2025-07-12 22:49:06 CEST.

Flavor Version Tinstall Tcheck Ttotal Status Flags
r-devel-linux-x86_64-debian-clang 3.6.4 5.29 118.23 123.52 NOTE
r-devel-linux-x86_64-debian-gcc 3.6.4 3.55 90.67 94.22 NOTE
r-devel-linux-x86_64-fedora-clang 3.6.4 181.83 NOTE
r-devel-linux-x86_64-fedora-gcc 3.6.4 221.88 NOTE
r-devel-windows-x86_64 3.6.4 9.00 194.00 203.00 NOTE
r-patched-linux-x86_64 3.6.4 5.32 117.64 122.96 NOTE
r-release-linux-x86_64 3.6.4 4.01 116.03 120.04 NOTE
r-release-macos-arm64 3.6.4 155.00 NOTE
r-release-macos-x86_64 3.6.4 269.00 NOTE
r-release-windows-x86_64 3.6.4 9.00 0.00 9.00 FAIL
r-oldrel-macos-arm64 3.6.4 109.00 OK
r-oldrel-macos-x86_64 3.6.4 209.00 OK
r-oldrel-windows-x86_64 3.6.4 10.00 241.00 251.00 OK

Check Details

Version: 3.6.4
Check: compiled code
Result: NOTE File ‘covr/libs/covr.so’: Found non-API calls to R: ‘BODY’, ‘CLOENV’, ‘FORMALS’, ‘SET_BODY’, ‘SET_CLOENV’, ‘SET_FORMALS’ Compiled code should not call non-API entry points in R. See ‘Writing portable packages’ in the ‘Writing R Extensions’ manual, and section ‘Moving into C API compliance’ for issues with the use of non-API entry points. Flavors: r-devel-linux-x86_64-debian-clang, r-devel-linux-x86_64-debian-gcc, r-devel-linux-x86_64-fedora-clang, r-devel-linux-x86_64-fedora-gcc, r-patched-linux-x86_64, r-release-linux-x86_64, r-release-macos-arm64, r-release-macos-x86_64

Version: 3.6.4
Check: compiled code
Result: NOTE File 'covr/libs/x64/covr.dll': Found non-API calls to R: 'BODY', 'CLOENV', 'FORMALS', 'SET_BODY', 'SET_CLOENV', 'SET_FORMALS' Compiled code should not call non-API entry points in R. See 'Writing portable packages' in the 'Writing R Extensions' manual, and section 'Moving into C API compliance' for issues with the use of non-API entry points. Flavors: r-devel-windows-x86_64, r-release-windows-x86_64

Version: 3.6.4
Check: PDF version of manual
Result: FAIL Check process probably crashed or hung up for 20 minutes ... killed Most likely this happened in the example checks (?), if not, ignore the following last lines of example output: > flush(stderr()); flush(stdout()) > > ### Name: report > ### Title: Display covr results using a standalone report > ### Aliases: report > > ### ** Examples > > ## Not run: > ##D x <- package_coverage() > ##D report(x) > ## End(Not run) > > > > ### * <FOOTER> > ### > cleanEx() > options(digits = 7L) > base::cat("Time elapsed: ", proc.time() - base::get("ptime", pos = 'CheckExEnv'),"\n") Time elapsed: 0.9 0.09 1 NA NA > grDevices::dev.off() null device 1 > ### > ### Local variables: *** > ### mode: outline-minor *** > ### outline-regexp: "\\(> \\)?### [*]+" *** > ### End: *** > quit('no') ======== End of example output (where/before crash/hang up occured ?) ======== Flavor: r-release-windows-x86_64