CRAN Package Check Results for Package cromwellDashboard

Last updated on 2025-07-12 22:49:06 CEST.

Flavor Version Tinstall Tcheck Ttotal Status Flags
r-devel-linux-x86_64-debian-clang 0.5.1 3.54 30.11 33.65 NOTE
r-devel-linux-x86_64-debian-gcc 0.5.1 2.82 23.86 26.68 NOTE
r-devel-linux-x86_64-fedora-clang 0.5.1 49.53 OK
r-devel-linux-x86_64-fedora-gcc 0.5.1 46.08 OK
r-devel-windows-x86_64 0.5.1 5.00 48.00 53.00 OK
r-patched-linux-x86_64 0.5.1 3.49 28.49 31.98 OK
r-release-linux-x86_64 0.5.1 3.18 28.16 31.34 OK
r-release-macos-arm64 0.5.1 21.00 OK
r-release-macos-x86_64 0.5.1 32.00 OK
r-release-windows-x86_64 0.5.1 6.00 51.00 57.00 OK
r-oldrel-macos-arm64 0.5.1 20.00 NOTE
r-oldrel-macos-x86_64 0.5.1 28.00 NOTE
r-oldrel-windows-x86_64 0.5.1 6.00 54.00 60.00 NOTE

Check Details

Version: 0.5.1
Check: CRAN incoming feasibility
Result: NOTE Maintainer: ‘Xiaowei Zhan <zhanxw@gmail.com>’ No Authors@R field in DESCRIPTION. Please add one, modifying Authors@R: person(given = "Xiaowei", family = "Zhan", role = c("aut", "cre"), email = "zhanxw@gmail.com") as necessary. Flavors: r-devel-linux-x86_64-debian-clang, r-devel-linux-x86_64-debian-gcc

Version: 0.5.1
Check: LazyData
Result: NOTE 'LazyData' is specified without a 'data' directory Flavors: r-oldrel-macos-arm64, r-oldrel-macos-x86_64, r-oldrel-windows-x86_64