Last updated on 2024-06-19 20:58:25 CEST.
Flavor | Version | Tinstall | Tcheck | Ttotal | Status | Flags |
---|---|---|---|---|---|---|
r-devel-linux-x86_64-debian-clang | 1.9 | 13.34 | 127.19 | 140.53 | NOTE | |
r-devel-linux-x86_64-debian-gcc | 1.9 | 12.48 | 91.46 | 103.94 | NOTE | |
r-devel-linux-x86_64-fedora-clang | 1.9 | 177.75 | NOTE | |||
r-devel-linux-x86_64-fedora-gcc | 1.9 | 181.60 | NOTE | |||
r-devel-windows-x86_64 | 1.9 | 13.00 | 96.00 | 109.00 | NOTE | |
r-patched-linux-x86_64 | 1.9 | 22.89 | 119.53 | 142.42 | NOTE | |
r-release-linux-x86_64 | 1.9 | 14.49 | 121.22 | 135.71 | NOTE | |
r-release-macos-arm64 | 1.9 | 52.00 | NOTE | |||
r-release-macos-x86_64 | 1.9 | 69.00 | NOTE | |||
r-release-windows-x86_64 | 1.9 | 14.00 | 96.00 | 110.00 | NOTE | |
r-oldrel-macos-arm64 | 1.9 | 50.00 | OK | |||
r-oldrel-macos-x86_64 | 1.9 | 132.00 | OK | |||
r-oldrel-windows-x86_64 | 1.9 | 19.00 | 118.00 | 137.00 | OK |
Version: 1.9
Check: Rd files
Result: NOTE
checkRd: (-1) csvy.Rd:58: Lost braces in \itemize; meant \describe ?
checkRd: (-1) csvy.Rd:59: Lost braces in \itemize; meant \describe ?
checkRd: (-1) csvy.Rd:60: Lost braces in \itemize; meant \describe ?
Flavors: r-devel-linux-x86_64-debian-clang, r-devel-linux-x86_64-debian-gcc, r-devel-linux-x86_64-fedora-clang, r-devel-linux-x86_64-fedora-gcc, r-devel-windows-x86_64, r-patched-linux-x86_64, r-release-linux-x86_64, r-release-macos-arm64, r-release-macos-x86_64, r-release-windows-x86_64