CRAN Package Check Results for Package dclust

Last updated on 2025-07-13 10:48:19 CEST.

Flavor Version Tinstall Tcheck Ttotal Status Flags
r-devel-linux-x86_64-debian-clang 0.1.0 2.62 26.69 29.31 OK
r-devel-linux-x86_64-debian-gcc 0.1.0 1.80 20.72 22.52 OK
r-devel-linux-x86_64-fedora-clang 0.1.0 46.65 OK
r-devel-linux-x86_64-fedora-gcc 0.1.0 43.10 OK
r-devel-windows-x86_64 0.1.0 4.00 45.00 49.00 OK
r-patched-linux-x86_64 0.1.0 2.32 24.76 27.08 OK
r-release-linux-x86_64 0.1.0 2.38 24.96 27.34 OK
r-release-macos-arm64 0.1.0 20.00 OK
r-release-macos-x86_64 0.1.0 33.00 OK
r-release-windows-x86_64 0.1.0 4.00 48.00 52.00 OK
r-oldrel-macos-arm64 0.1.0 18.00 NOTE
r-oldrel-macos-x86_64 0.1.0 24.00 NOTE
r-oldrel-windows-x86_64 0.1.0 4.00 50.00 54.00 NOTE

Check Details

Version: 0.1.0
Check: LazyData
Result: NOTE 'LazyData' is specified without a 'data' directory Flavors: r-oldrel-macos-arm64, r-oldrel-macos-x86_64, r-oldrel-windows-x86_64