Last updated on 2025-07-13 10:48:19 CEST.
Flavor | Version | Tinstall | Tcheck | Ttotal | Status | Flags |
---|---|---|---|---|---|---|
r-devel-linux-x86_64-debian-clang | 1.5-1 | 10.78 | 107.67 | 118.45 | OK | |
r-devel-linux-x86_64-debian-gcc | 1.5-1 | 7.29 | 74.08 | 81.37 | OK | |
r-devel-linux-x86_64-fedora-clang | 1.5-1 | 189.15 | OK | |||
r-devel-linux-x86_64-fedora-gcc | 1.5-1 | 194.38 | OK | |||
r-devel-windows-x86_64 | 1.5-1 | 13.00 | 146.00 | 159.00 | OK | |
r-patched-linux-x86_64 | 1.5-1 | 11.29 | 102.93 | 114.22 | OK | |
r-release-linux-x86_64 | 1.5-1 | 9.41 | 101.20 | 110.61 | OK | |
r-release-macos-arm64 | 1.5-1 | 83.00 | OK | |||
r-release-macos-x86_64 | 1.5-1 | 111.00 | OK | |||
r-release-windows-x86_64 | 1.5-1 | 14.00 | 155.00 | 169.00 | OK | |
r-oldrel-macos-arm64 | 1.5-1 | 63.00 | NOTE | |||
r-oldrel-macos-x86_64 | 1.5-1 | 157.00 | NOTE | |||
r-oldrel-windows-x86_64 | 1.5-1 | 18.00 | 170.00 | 188.00 | NOTE |
Version: 1.5-1
Check: package dependencies
Result: NOTE
Package suggested but not available for checking: ‘Rdonlp2’
Flavors: r-oldrel-macos-arm64, r-oldrel-macos-x86_64, r-oldrel-windows-x86_64