Last updated on 2024-05-23 14:48:10 CEST.
Flavor | Version | Tinstall | Tcheck | Ttotal | Status | Flags |
---|---|---|---|---|---|---|
r-devel-linux-x86_64-debian-clang | 0.2.5 | 5.11 | 74.08 | 79.19 | NOTE | |
r-devel-linux-x86_64-debian-gcc | 0.2.5 | 4.02 | 54.99 | 59.01 | NOTE | |
r-devel-linux-x86_64-fedora-clang | 0.2.5 | 104.23 | NOTE | |||
r-devel-linux-x86_64-fedora-gcc | 0.2.5 | 106.88 | NOTE | |||
r-devel-windows-x86_64 | 0.2.5 | 4.00 | 128.00 | 132.00 | NOTE | |
r-patched-linux-x86_64 | 0.2.5 | 4.86 | 68.58 | 73.44 | NOTE | |
r-release-linux-x86_64 | 0.2.5 | 4.90 | 69.69 | 74.59 | NOTE | |
r-release-macos-arm64 | 0.2.5 | 37.00 | NOTE | |||
r-release-windows-x86_64 | 0.2.5 | 5.00 | 129.00 | 134.00 | NOTE | |
r-oldrel-macos-arm64 | 0.2.5 | 36.00 | NOTE | |||
r-oldrel-macos-x86_64 | 0.2.5 | 48.00 | NOTE | |||
r-oldrel-windows-x86_64 | 0.2.5 | 7.00 | 112.00 | 119.00 | NOTE |
Version: 0.2.5
Check: Rd files
Result: NOTE
checkRd: (-1) barriers.Rd:127: Escaped LaTeX specials: \$
Flavors: r-devel-linux-x86_64-debian-clang, r-devel-linux-x86_64-debian-gcc, r-devel-linux-x86_64-fedora-clang, r-devel-linux-x86_64-fedora-gcc, r-devel-windows-x86_64, r-patched-linux-x86_64, r-release-linux-x86_64, r-release-macos-arm64, r-release-windows-x86_64, r-oldrel-macos-arm64, r-oldrel-macos-x86_64, r-oldrel-windows-x86_64