Last updated on 2024-06-19 20:58:26 CEST.
Flavor | Version | Tinstall | Tcheck | Ttotal | Status | Flags |
---|---|---|---|---|---|---|
r-devel-linux-x86_64-debian-clang | 0.3.1 | 5.50 | 36.59 | 42.09 | NOTE | |
r-devel-linux-x86_64-debian-gcc | 0.3.1 | 3.17 | 27.87 | 31.04 | NOTE | |
r-devel-linux-x86_64-fedora-clang | 0.3.1 | 51.79 | NOTE | |||
r-devel-linux-x86_64-fedora-gcc | 0.3.1 | 64.40 | NOTE | |||
r-devel-windows-x86_64 | 0.3.1 | 6.00 | 54.00 | 60.00 | NOTE | |
r-patched-linux-x86_64 | 0.3.1 | 4.44 | 34.74 | 39.18 | NOTE | |
r-release-linux-x86_64 | 0.3.1 | 4.37 | 35.33 | 39.70 | NOTE | |
r-release-macos-arm64 | 0.3.1 | 26.00 | NOTE | |||
r-release-macos-x86_64 | 0.3.1 | 49.00 | NOTE | |||
r-release-windows-x86_64 | 0.3.1 | 6.00 | 56.00 | 62.00 | NOTE | |
r-oldrel-macos-arm64 | 0.3.1 | 27.00 | NOTE | |||
r-oldrel-macos-x86_64 | 0.3.1 | 38.00 | NOTE | |||
r-oldrel-windows-x86_64 | 0.3.1 | 6.00 | 58.00 | 64.00 | NOTE |
Version: 0.3.1
Check: LazyData
Result: NOTE
'LazyData' is specified without a 'data' directory
Flavors: r-devel-linux-x86_64-debian-clang, r-devel-linux-x86_64-debian-gcc, r-devel-linux-x86_64-fedora-clang, r-devel-linux-x86_64-fedora-gcc, r-devel-windows-x86_64, r-patched-linux-x86_64, r-release-linux-x86_64, r-release-macos-arm64, r-release-macos-x86_64, r-release-windows-x86_64, r-oldrel-macos-arm64, r-oldrel-macos-x86_64, r-oldrel-windows-x86_64
Version: 0.3.1
Check: dependencies in R code
Result: NOTE
Namespaces in Imports field not imported from:
‘DT’ ‘utils’
All declared Imports should be used.
Flavors: r-devel-linux-x86_64-fedora-clang, r-devel-linux-x86_64-fedora-gcc