Last updated on 2024-06-13 00:55:11 CEST.
Flavor | Version | Tinstall | Tcheck | Ttotal | Status | Flags |
---|---|---|---|---|---|---|
r-devel-linux-x86_64-debian-clang | 2.2.0 | 36.07 | 272.77 | 308.84 | OK | |
r-devel-linux-x86_64-debian-gcc | 2.2.0 | 0.45 | 1.76 | 2.21 | ERROR | |
r-devel-linux-x86_64-fedora-clang | 2.2.0 | 398.10 | OK | |||
r-devel-linux-x86_64-fedora-gcc | 2.2.0 | 453.27 | OK | |||
r-devel-windows-x86_64 | 2.2.0 | 29.00 | 280.00 | 309.00 | OK | |
r-patched-linux-x86_64 | 2.2.0 | 24.59 | 309.67 | 334.26 | OK | |
r-release-linux-x86_64 | 2.2.0 | 28.21 | 318.55 | 346.76 | OK | |
r-release-macos-arm64 | 2.2.0 | 107.00 | OK | |||
r-release-macos-x86_64 | 2.2.0 | 161.00 | OK | |||
r-release-windows-x86_64 | 2.2.0 | 28.00 | 284.00 | 312.00 | OK | |
r-oldrel-macos-arm64 | 2.2.0 | 105.00 | OK | |||
r-oldrel-macos-x86_64 | 2.2.0 | 206.00 | OK | |||
r-oldrel-windows-x86_64 | 2.2.0 | 36.00 | 369.00 | 405.00 | OK |
Version: 2.2.0
Check: package dependencies
Result: ERROR
Packages required but not available:
'dplyr', 'ggplot2', 'klaR', 'NMF', 'purrr', 'stringr', 'tidyr',
'yardstick'
Packages suggested but not available for checking: 'progress', 'testthat'
See section ‘The DESCRIPTION file’ in the ‘Writing R Extensions’
manual.
Flavor: r-devel-linux-x86_64-debian-gcc