Last updated on 2025-07-13 04:48:44 CEST.
Flavor | Version | Tinstall | Tcheck | Ttotal | Status | Flags |
---|---|---|---|---|---|---|
r-devel-linux-x86_64-debian-clang | 1.2.0 | 7.67 | 74.79 | 82.46 | NOTE | |
r-devel-linux-x86_64-debian-gcc | 1.2.0 | 5.47 | 55.77 | 61.24 | NOTE | |
r-devel-linux-x86_64-fedora-clang | 1.2.0 | 129.11 | OK | |||
r-devel-linux-x86_64-fedora-gcc | 1.2.0 | 124.61 | OK | |||
r-devel-windows-x86_64 | 1.2.0 | 9.00 | 91.00 | 100.00 | OK | |
r-patched-linux-x86_64 | 1.2.0 | 7.60 | 72.25 | 79.85 | OK | |
r-release-linux-x86_64 | 1.2.0 | 7.36 | 72.39 | 79.75 | OK | |
r-release-macos-arm64 | 1.2.0 | 41.00 | OK | |||
r-release-macos-x86_64 | 1.2.0 | 77.00 | OK | |||
r-release-windows-x86_64 | 1.2.0 | 8.00 | 93.00 | 101.00 | OK | |
r-oldrel-macos-arm64 | 1.2.0 | 40.00 | OK | |||
r-oldrel-macos-x86_64 | 1.2.0 | 57.00 | OK | |||
r-oldrel-windows-x86_64 | 1.2.0 | 15.00 | 106.00 | 121.00 | OK |
Version: 1.2.0
Check: DESCRIPTION meta-information
Result: NOTE
Author field differs from that derived from Authors@R
Author: ‘Joseph Richards [aut] (joeyrichar), Robrecht Cannoodt [aut, cre] (<https://orcid.org/0000-0003-3641-729X>, rcannood)’
Authors@R: ‘Joseph Richards [aut] (github: joeyrichar), Robrecht Cannoodt [aut, cre] (ORCID: <https://orcid.org/0000-0003-3641-729X>, github: rcannood)’
Flavors: r-devel-linux-x86_64-debian-clang, r-devel-linux-x86_64-debian-gcc