Last updated on 2025-07-12 22:49:07 CEST.
Flavor | Version | Tinstall | Tcheck | Ttotal | Status | Flags |
---|---|---|---|---|---|---|
r-devel-linux-x86_64-debian-clang | 0.2.2 | 8.68 | 94.17 | 102.85 | OK | |
r-devel-linux-x86_64-debian-gcc | 0.2.2 | 5.28 | 65.98 | 71.26 | OK | |
r-devel-linux-x86_64-fedora-clang | 0.2.2 | 155.50 | OK | |||
r-devel-linux-x86_64-fedora-gcc | 0.2.2 | 145.01 | OK | |||
r-devel-windows-x86_64 | 0.2.2 | 15.00 | 118.00 | 133.00 | OK | |
r-patched-linux-x86_64 | 0.2.2 | 12.10 | 87.17 | 99.27 | OK | |
r-release-linux-x86_64 | 0.2.2 | 8.08 | 86.61 | 94.69 | OK | |
r-release-macos-arm64 | 0.2.2 | 45.00 | OK | |||
r-release-macos-x86_64 | 0.2.2 | 87.00 | OK | |||
r-release-windows-x86_64 | 0.2.2 | 16.00 | 123.00 | 139.00 | OK | |
r-oldrel-macos-arm64 | 0.2.2 | 51.00 | NOTE | |||
r-oldrel-macos-x86_64 | 0.2.2 | 93.00 | NOTE | |||
r-oldrel-windows-x86_64 | 0.2.2 | 18.00 | 143.00 | 161.00 | NOTE |
Version: 0.2.2
Check: installed package size
Result: NOTE
installed size is 5.1Mb
sub-directories of 1Mb or more:
tutorials 4.2Mb
Flavors: r-oldrel-macos-arm64, r-oldrel-macos-x86_64, r-oldrel-windows-x86_64