Last updated on 2024-06-16 13:53:27 CEST.
Flavor | Version | Tinstall | Tcheck | Ttotal | Status | Flags |
---|---|---|---|---|---|---|
r-devel-linux-x86_64-debian-clang | 0.4.0 | 239.86 | 327.95 | 567.81 | NOTE | |
r-devel-linux-x86_64-debian-gcc | 0.4.0 | 168.20 | 244.70 | 412.90 | NOTE | |
r-devel-linux-x86_64-fedora-clang | 0.4.0 | 693.56 | NOTE | |||
r-devel-linux-x86_64-fedora-gcc | 0.4.0 | 710.07 | NOTE | |||
r-devel-windows-x86_64 | 0.4.0 | 188.00 | 257.00 | 445.00 | NOTE | |
r-patched-linux-x86_64 | 0.4.0 | 202.04 | 318.40 | 520.44 | NOTE | |
r-release-linux-x86_64 | 0.4.0 | 195.56 | 323.47 | 519.03 | NOTE | |
r-release-macos-arm64 | 0.4.0 | 243.00 | NOTE | |||
r-release-macos-x86_64 | 0.4.0 | 234.00 | NOTE | |||
r-release-windows-x86_64 | 0.4.0 | 200.00 | 261.00 | 461.00 | NOTE | |
r-oldrel-macos-arm64 | 0.4.0 | 231.00 | NOTE | |||
r-oldrel-macos-x86_64 | 0.4.0 | 264.00 | NOTE | |||
r-oldrel-windows-x86_64 | 0.4.0 | 232.00 | 321.00 | 553.00 | NOTE |
Version: 0.4.0
Check: for GNU extensions in Makefiles
Result: NOTE
GNU make is a SystemRequirements.
Flavors: r-devel-linux-x86_64-debian-clang, r-devel-linux-x86_64-debian-gcc, r-devel-linux-x86_64-fedora-clang, r-devel-linux-x86_64-fedora-gcc, r-devel-windows-x86_64, r-patched-linux-x86_64, r-release-linux-x86_64, r-release-macos-arm64, r-release-macos-x86_64, r-release-windows-x86_64, r-oldrel-macos-arm64, r-oldrel-macos-x86_64, r-oldrel-windows-x86_64
Version: 0.4.0
Check: installed package size
Result: NOTE
installed size is 8.5Mb
sub-directories of 1Mb or more:
doc 6.7Mb
libs 1.0Mb
Flavors: r-devel-linux-x86_64-fedora-clang, r-devel-windows-x86_64, r-release-macos-arm64, r-release-macos-x86_64, r-release-windows-x86_64, r-oldrel-macos-arm64, r-oldrel-macos-x86_64, r-oldrel-windows-x86_64
Version: 0.4.0
Check: dependencies in R code
Result: NOTE
Namespace in Imports field not imported from: ‘memoise’
All declared Imports should be used.
Flavors: r-devel-linux-x86_64-fedora-clang, r-devel-linux-x86_64-fedora-gcc