Last updated on 2025-07-12 22:49:08 CEST.
Flavor | Version | Tinstall | Tcheck | Ttotal | Status | Flags |
---|---|---|---|---|---|---|
r-devel-linux-x86_64-debian-clang | 1.0.0 | 33.44 | 303.47 | 336.91 | NOTE | |
r-devel-linux-x86_64-debian-gcc | 1.0.0 | 22.30 | 198.80 | 221.10 | NOTE | |
r-devel-linux-x86_64-fedora-clang | 1.0.0 | 555.20 | NOTE | |||
r-devel-linux-x86_64-fedora-gcc | 1.0.0 | 518.10 | NOTE | |||
r-devel-windows-x86_64 | 1.0.0 | 32.00 | 226.00 | 258.00 | NOTE | |
r-patched-linux-x86_64 | 1.0.0 | 32.06 | 285.28 | 317.34 | NOTE | |
r-release-linux-x86_64 | 1.0.0 | 31.49 | 285.63 | 317.12 | NOTE | |
r-release-macos-arm64 | 1.0.0 | 128.00 | NOTE | |||
r-release-macos-x86_64 | 1.0.0 | 248.00 | NOTE | |||
r-release-windows-x86_64 | 1.0.0 | 32.00 | 240.00 | 272.00 | NOTE | |
r-oldrel-macos-arm64 | 1.0.0 | 121.00 | OK | |||
r-oldrel-macos-x86_64 | 1.0.0 | 445.00 | OK | |||
r-oldrel-windows-x86_64 | 1.0.0 | 44.00 | 318.00 | 362.00 | OK |
Version: 1.0.0
Check: DESCRIPTION meta-information
Result: NOTE
Missing dependency on R >= 4.1.0 because package code uses the pipe
|> or function shorthand \(...) syntax added in R 4.1.0.
File(s) using such syntax:
‘goodmap.R’ ‘traits.R’
Flavors: r-devel-linux-x86_64-debian-clang, r-devel-linux-x86_64-debian-gcc, r-devel-linux-x86_64-fedora-clang, r-devel-linux-x86_64-fedora-gcc, r-devel-windows-x86_64, r-patched-linux-x86_64, r-release-linux-x86_64, r-release-macos-arm64, r-release-macos-x86_64, r-release-windows-x86_64