CRAN Package Check Results for Package drumr

Last updated on 2025-07-13 10:48:20 CEST.

Flavor Version Tinstall Tcheck Ttotal Status Flags
r-devel-linux-x86_64-debian-clang 0.1.0 2.60 24.06 26.66 OK
r-devel-linux-x86_64-debian-gcc 0.1.0 1.95 19.64 21.59 OK
r-devel-linux-x86_64-fedora-clang 0.1.0 25.15 NOTE
r-devel-linux-x86_64-fedora-gcc 0.1.0 23.25 NOTE
r-devel-windows-x86_64 0.1.0 5.00 45.00 50.00 OK
r-patched-linux-x86_64 0.1.0 2.70 22.66 25.36 OK
r-release-linux-x86_64 0.1.0 2.68 22.74 25.42 OK
r-release-macos-arm64 0.1.0 21.00 OK
r-release-macos-x86_64 0.1.0 31.00 OK
r-release-windows-x86_64 0.1.0 6.00 48.00 54.00 OK
r-oldrel-macos-arm64 0.1.0 19.00 NOTE
r-oldrel-macos-x86_64 0.1.0 26.00 NOTE
r-oldrel-windows-x86_64 0.1.0 6.00 50.00 56.00 NOTE

Check Details

Version: 0.1.0
Check: for detritus in the temp directory
Result: NOTE Found the following files/directories: ‘pulse-PKdhtXMmr18n’ Flavors: r-devel-linux-x86_64-fedora-clang, r-devel-linux-x86_64-fedora-gcc

Version: 0.1.0
Check: LazyData
Result: NOTE 'LazyData' is specified without a 'data' directory Flavors: r-oldrel-macos-arm64, r-oldrel-macos-x86_64, r-oldrel-windows-x86_64