CRAN Package Check Results for Package dsrTest

Last updated on 2025-07-12 22:49:08 CEST.

Flavor Version Tinstall Tcheck Ttotal Status Flags
r-devel-linux-x86_64-debian-clang 1.0.0 10.36 100.66 111.02 NOTE
r-devel-linux-x86_64-debian-gcc 1.0.0 7.53 70.00 77.53 NOTE
r-devel-linux-x86_64-fedora-clang 1.0.0 167.86 OK
r-devel-linux-x86_64-fedora-gcc 1.0.0 165.07 OK
r-devel-windows-x86_64 1.0.0 11.00 99.00 110.00 OK
r-patched-linux-x86_64 1.0.0 10.06 89.42 99.48 OK
r-release-linux-x86_64 1.0.0 11.09 89.65 100.74 OK
r-release-macos-arm64 1.0.0 52.00 OK
r-release-macos-x86_64 1.0.0 105.00 OK
r-release-windows-x86_64 1.0.0 12.00 99.00 111.00 OK
r-oldrel-macos-arm64 1.0.0 56.00 OK
r-oldrel-macos-x86_64 1.0.0 74.00 OK
r-oldrel-windows-x86_64 1.0.0 17.00 123.00 140.00 OK

Check Details

Version: 1.0.0
Check: CRAN incoming feasibility
Result: NOTE Maintainer: ‘Michael Nelson <michael.nelson.r.pkg@gmail.com>’ No Authors@R field in DESCRIPTION. Please add one, modifying Authors@R: person(given = "Michael", family = "Nelson", role = c("aut", "cre"), email = "michael.nelson.r.pkg@gmail.com") as necessary. Flavors: r-devel-linux-x86_64-debian-clang, r-devel-linux-x86_64-debian-gcc