Last updated on 2024-06-10 10:58:43 CEST.
Flavor | Version | Tinstall | Tcheck | Ttotal | Status | Flags |
---|---|---|---|---|---|---|
r-devel-linux-x86_64-debian-clang | 1.5.4 | 37.51 | 129.77 | 167.28 | NOTE | |
r-devel-linux-x86_64-debian-gcc | 1.5.4 | 27.43 | 89.66 | 117.09 | NOTE | |
r-devel-linux-x86_64-fedora-clang | 1.5.4 | 217.98 | NOTE | |||
r-devel-linux-x86_64-fedora-gcc | 1.5.4 | 193.29 | NOTE | |||
r-devel-windows-x86_64 | 1.5.4 | 42.00 | 105.00 | 147.00 | NOTE | |
r-patched-linux-x86_64 | 1.5.4 | 35.51 | 119.58 | 155.09 | NOTE | |
r-release-linux-x86_64 | 1.5.4 | 32.68 | 121.34 | 154.02 | NOTE | |
r-release-macos-arm64 | 1.5.4 | 55.00 | NOTE | |||
r-release-macos-x86_64 | 1.5.4 | 79.00 | NOTE | |||
r-release-windows-x86_64 | 1.5.4 | 46.00 | 107.00 | 153.00 | NOTE | |
r-oldrel-macos-arm64 | 1.5.4 | 64.00 | OK | |||
r-oldrel-macos-x86_64 | 1.5.4 | 104.00 | OK | |||
r-oldrel-windows-x86_64 | 1.5.4 | 52.00 | 148.00 | 200.00 | OK |
Version: 1.5.4
Check: Rd files
Result: NOTE
checkRd: (-1) extract-methods.Rd:105: Lost braces
105 | argument \code{what}. For code{"["} the cutted object.
| ^
Flavors: r-devel-linux-x86_64-debian-clang, r-devel-linux-x86_64-debian-gcc, r-devel-linux-x86_64-fedora-clang, r-devel-linux-x86_64-fedora-gcc, r-devel-windows-x86_64, r-patched-linux-x86_64, r-release-linux-x86_64, r-release-macos-arm64, r-release-macos-x86_64, r-release-windows-x86_64