CRAN Package Check Results for Package dvmisc

Last updated on 2025-07-13 04:48:45 CEST.

Flavor Version Tinstall Tcheck Ttotal Status Flags
r-devel-linux-x86_64-debian-clang 1.1.4 74.40 140.05 214.45 NOTE
r-devel-linux-x86_64-debian-gcc 1.1.4 50.31 104.31 154.62 NOTE
r-devel-linux-x86_64-fedora-clang 1.1.4 375.70 OK
r-devel-linux-x86_64-fedora-gcc 1.1.4 339.39 OK
r-devel-windows-x86_64 1.1.4 87.00 159.00 246.00 OK
r-patched-linux-x86_64 1.1.4 72.14 127.33 199.47 OK
r-release-linux-x86_64 1.1.4 67.05 127.70 194.75 OK
r-release-macos-arm64 1.1.4 95.00 OK
r-release-macos-x86_64 1.1.4 164.00 OK
r-release-windows-x86_64 1.1.4 87.00 167.00 254.00 OK
r-oldrel-macos-arm64 1.1.4 103.00 OK
r-oldrel-macos-x86_64 1.1.4 144.00 OK
r-oldrel-windows-x86_64 1.1.4 104.00 204.00 308.00 OK

Check Details

Version: 1.1.4
Check: CRAN incoming feasibility
Result: NOTE Maintainer: ‘Dane R. Van Domelen <vandomed@gmail.com>’ No Authors@R field in DESCRIPTION. Please add one, modifying Authors@R: person(given = c("Dane", "R."), family = "Van Domelen", role = c("aut", "cre"), email = "vandomed@gmail.com") as necessary. Found the following URLs which should use \doi (with the DOI name only): File ‘dvmisc.Rd’: https://doi.org/10.7287/peerj.preprints.3188v1 Flavors: r-devel-linux-x86_64-debian-clang, r-devel-linux-x86_64-debian-gcc