CRAN Package Check Results for Package dvqcc

Last updated on 2025-07-12 22:49:08 CEST.

Flavor Version Tinstall Tcheck Ttotal Status Flags
r-devel-linux-x86_64-debian-clang 0.1.0 12.80 109.23 122.03 NOTE
r-devel-linux-x86_64-debian-gcc 0.1.0 7.80 76.59 84.39 NOTE
r-devel-linux-x86_64-fedora-clang 0.1.0 189.41 NOTE
r-devel-linux-x86_64-fedora-gcc 0.1.0 173.75 NOTE
r-devel-windows-x86_64 0.1.0 15.00 104.00 119.00 NOTE
r-patched-linux-x86_64 0.1.0 10.44 100.24 110.68 NOTE
r-release-linux-x86_64 0.1.0 12.99 100.76 113.75 NOTE
r-release-macos-arm64 0.1.0 48.00 NOTE
r-release-macos-x86_64 0.1.0 91.00 NOTE
r-release-windows-x86_64 0.1.0 14.00 107.00 121.00 NOTE
r-oldrel-macos-arm64 0.1.0 49.00 NOTE
r-oldrel-macos-x86_64 0.1.0 73.00 NOTE
r-oldrel-windows-x86_64 0.1.0 18.00 133.00 151.00 NOTE

Check Details

Version: 0.1.0
Check: package subdirectories
Result: NOTE Problems with news in ‘NEWS.md’: No news entries found. Flavors: r-devel-linux-x86_64-debian-clang, r-devel-linux-x86_64-debian-gcc, r-devel-linux-x86_64-fedora-clang, r-devel-linux-x86_64-fedora-gcc, r-devel-windows-x86_64, r-patched-linux-x86_64, r-release-linux-x86_64, r-release-macos-arm64, r-release-macos-x86_64, r-release-windows-x86_64, r-oldrel-macos-arm64, r-oldrel-macos-x86_64, r-oldrel-windows-x86_64

Version: 0.1.0
Check: LazyData
Result: NOTE 'LazyData' is specified without a 'data' directory Flavors: r-oldrel-macos-arm64, r-oldrel-macos-x86_64, r-oldrel-windows-x86_64