CRAN Package Check Results for Package ebdbNet

Last updated on 2025-07-13 04:48:45 CEST.

Flavor Version Tinstall Tcheck Ttotal Status Flags
r-devel-linux-x86_64-debian-clang 1.2.8 5.72 29.21 34.93 NOTE
r-devel-linux-x86_64-debian-gcc 1.2.8 4.82 22.34 27.16 NOTE
r-devel-linux-x86_64-fedora-clang 1.2.8 55.38 OK
r-devel-linux-x86_64-fedora-gcc 1.2.8 54.42 OK
r-devel-windows-x86_64 1.2.8 11.00 53.00 64.00 OK
r-patched-linux-x86_64 1.2.8 6.44 27.98 34.42 OK
r-release-linux-x86_64 1.2.8 6.68 27.54 34.22 OK
r-release-macos-arm64 1.2.8 25.00 OK
r-release-macos-x86_64 1.2.8 37.00 OK
r-release-windows-x86_64 1.2.8 10.00 57.00 67.00 OK
r-oldrel-macos-arm64 1.2.8 20.00 OK
r-oldrel-macos-x86_64 1.2.8 31.00 OK
r-oldrel-windows-x86_64 1.2.8 22.00 56.00 78.00 OK

Check Details

Version: 1.2.8
Check: CRAN incoming feasibility
Result: NOTE Maintainer: ‘Andrea Rau <andrea.rau@inra.fr>’ No Authors@R field in DESCRIPTION. Please add one, modifying Authors@R: person(given = "Andrea", family = "Rau", role = c("aut", "cre"), email = "andrea.rau@inra.fr") as necessary. Flavors: r-devel-linux-x86_64-debian-clang, r-devel-linux-x86_64-debian-gcc