Last updated on 2025-07-13 04:48:45 CEST.
Flavor | Version | Tinstall | Tcheck | Ttotal | Status | Flags |
---|---|---|---|---|---|---|
r-devel-linux-x86_64-debian-clang | 1.0.0.1 | 16.45 | 119.66 | 136.11 | OK | |
r-devel-linux-x86_64-debian-gcc | 1.0.0.1 | 10.94 | 83.38 | 94.32 | OK | |
r-devel-linux-x86_64-fedora-clang | 1.0.0.1 | 214.13 | OK | |||
r-devel-linux-x86_64-fedora-gcc | 1.0.0.1 | 213.04 | OK | |||
r-devel-windows-x86_64 | 1.0.0.1 | 16.00 | 134.00 | 150.00 | OK | |
r-patched-linux-x86_64 | 1.0.0.1 | 15.96 | 112.32 | 128.28 | OK | |
r-release-linux-x86_64 | 1.0.0.1 | 14.42 | 112.26 | 126.68 | OK | |
r-release-macos-arm64 | 1.0.0.1 | 92.00 | OK | |||
r-release-macos-x86_64 | 1.0.0.1 | 130.00 | OK | |||
r-release-windows-x86_64 | 1.0.0.1 | 16.00 | 141.00 | 157.00 | OK | |
r-oldrel-macos-arm64 | 1.0.0.1 | 68.00 | NOTE | |||
r-oldrel-macos-x86_64 | 1.0.0.1 | 195.00 | NOTE | |||
r-oldrel-windows-x86_64 | 1.0.0.1 | 22.00 | 165.00 | 187.00 | NOTE |
Version: 1.0.0.1
Check: installed files from ‘inst/doc’
Result: NOTE
The following files should probably not be installed:
‘econet.tex’
Consider the use of a .Rinstignore file: see ‘Writing R Extensions’,
or move the vignette sources from ‘inst/doc’ to ‘vignettes’.
Flavors: r-oldrel-macos-arm64, r-oldrel-macos-x86_64, r-oldrel-windows-x86_64