Last updated on 2025-07-13 10:48:20 CEST.
Flavor | Version | Tinstall | Tcheck | Ttotal | Status | Flags |
---|---|---|---|---|---|---|
r-devel-linux-x86_64-debian-clang | 10.2 | 25.46 | 142.13 | 167.59 | OK | |
r-devel-linux-x86_64-debian-gcc | 10.2 | 17.35 | 92.48 | 109.83 | OK | |
r-devel-linux-x86_64-fedora-clang | 10.2 | 259.29 | OK | |||
r-devel-linux-x86_64-fedora-gcc | 10.2 | 242.18 | OK | |||
r-devel-windows-x86_64 | 10.2 | 27.00 | 153.00 | 180.00 | OK | |
r-patched-linux-x86_64 | 10.2 | 23.80 | 131.57 | 155.37 | OK | |
r-release-linux-x86_64 | 10.2 | 24.75 | 131.97 | 156.72 | OK | |
r-release-macos-arm64 | 10.2 | 75.00 | OK | |||
r-release-macos-x86_64 | 10.2 | 164.00 | OK | |||
r-release-windows-x86_64 | 10.2 | 26.00 | 158.00 | 184.00 | OK | |
r-oldrel-macos-arm64 | 10.2 | 74.00 | OK | |||
r-oldrel-macos-x86_64 | 10.2 | 124.00 | NOTE | |||
r-oldrel-windows-x86_64 | 10.2 | 37.00 | 195.00 | 232.00 | OK |
Version: 10.2
Check: installed package size
Result: NOTE
installed size is 5.4Mb
sub-directories of 1Mb or more:
data 4.5Mb
Flavor: r-oldrel-macos-x86_64