Last updated on 2025-07-13 04:48:45 CEST.
Flavor | Version | Tinstall | Tcheck | Ttotal | Status | Flags |
---|---|---|---|---|---|---|
r-devel-linux-x86_64-debian-clang | 0.0.3 | 24.58 | 26.57 | 51.15 | NOTE | |
r-devel-linux-x86_64-debian-gcc | 0.0.3 | 18.60 | 21.41 | 40.01 | NOTE | |
r-devel-linux-x86_64-fedora-clang | 0.0.3 | 86.67 | NOTE | |||
r-devel-linux-x86_64-fedora-gcc | 0.0.3 | 82.25 | NOTE | |||
r-devel-windows-x86_64 | 0.0.3 | 29.00 | 64.00 | 93.00 | NOTE | |
r-patched-linux-x86_64 | 0.0.3 | 26.44 | 24.40 | 50.84 | NOTE | |
r-release-linux-x86_64 | 0.0.3 | 25.84 | 24.24 | 50.08 | NOTE | |
r-release-macos-arm64 | 0.0.3 | 30.00 | NOTE | |||
r-release-macos-x86_64 | 0.0.3 | 43.00 | NOTE | |||
r-release-windows-x86_64 | 0.0.3 | 29.00 | 67.00 | 96.00 | NOTE | |
r-oldrel-macos-arm64 | 0.0.3 | 28.00 | NOTE | |||
r-oldrel-macos-x86_64 | 0.0.3 | 36.00 | NOTE | |||
r-oldrel-windows-x86_64 | 0.0.3 | 35.00 | 75.00 | 110.00 | NOTE |
Version: 0.0.3
Check: CRAN incoming feasibility
Result: NOTE
Maintainer: ‘James Joseph Balamuta <balamut2@illinois.edu>’
Package CITATION file contains call(s) to old-style personList() or
as.personList(). Please use c() on person objects instead.
Package CITATION file contains call(s) to old-style citEntry(). Please
use bibentry() instead.
Flavors: r-devel-linux-x86_64-debian-clang, r-devel-linux-x86_64-debian-gcc
Version: 0.0.3
Check: C++ specification
Result: NOTE
Specified C++11: please drop specification unless essential
Flavors: r-devel-linux-x86_64-debian-clang, r-devel-linux-x86_64-debian-gcc, r-devel-linux-x86_64-fedora-clang, r-devel-linux-x86_64-fedora-gcc, r-devel-windows-x86_64, r-patched-linux-x86_64, r-release-linux-x86_64, r-release-macos-arm64, r-release-macos-x86_64, r-release-windows-x86_64, r-oldrel-macos-arm64, r-oldrel-macos-x86_64, r-oldrel-windows-x86_64
Version: 0.0.3
Check: LazyData
Result: NOTE
'LazyData' is specified without a 'data' directory
Flavors: r-oldrel-macos-arm64, r-oldrel-macos-x86_64, r-oldrel-windows-x86_64