Last updated on 2024-06-05 02:47:49 CEST.
Flavor | Version | Tinstall | Tcheck | Ttotal | Status | Flags |
---|---|---|---|---|---|---|
r-devel-linux-x86_64-debian-clang | 2.12 | 33.30 | 221.50 | 254.80 | NOTE | |
r-devel-linux-x86_64-debian-gcc | 2.12 | 26.38 | 153.66 | 180.04 | NOTE | |
r-devel-linux-x86_64-fedora-clang | 2.12 | 343.73 | NOTE | |||
r-devel-linux-x86_64-fedora-gcc | 2.12 | 295.51 | NOTE | |||
r-devel-windows-x86_64 | 2.12 | 27.00 | 164.00 | 191.00 | NOTE | |
r-patched-linux-x86_64 | 2.12 | 44.72 | 213.41 | 258.13 | NOTE | |
r-release-linux-x86_64 | 2.12 | 33.15 | 213.22 | 246.37 | NOTE | |
r-release-macos-arm64 | 2.12 | 60.00 | NOTE | |||
r-release-windows-x86_64 | 2.12 | 30.00 | 166.00 | 196.00 | NOTE | |
r-oldrel-macos-arm64 | 2.12 | 63.00 | NOTE | |||
r-oldrel-macos-x86_64 | 2.12 | 83.00 | NOTE | |||
r-oldrel-windows-x86_64 | 2.12 | 38.00 | 199.00 | 237.00 | OK |
Version: 2.12
Check: Rd files
Result: NOTE
checkRd: (-1) fmgammagpd.Rd:183: Lost braces; missing escapes or markup?
183 | \item {nlumgammagpd} and {proflumgammagpd} - \code{c(mgshape, mgscale, mgweight[1:(M-1)], sigmau, xi)}
| ^
checkRd: (-1) fmgammagpdcon.Rd:181: Lost braces; missing escapes or markup?
181 | \item {nlumgammagpdcon} and {proflumgammagpdcon} - \code{c(mgshape, mgscale, mgweight[1:(M-1)], xi)}
| ^
checkRd: (-1) kernels.Rd:87: Lost braces
87 | code{\link[evmix:kernels]{kd*}} and \code{\link[evmix:kernels]{kp*}} give the
| ^
Flavors: r-devel-linux-x86_64-debian-clang, r-devel-linux-x86_64-debian-gcc, r-devel-linux-x86_64-fedora-clang, r-devel-linux-x86_64-fedora-gcc, r-devel-windows-x86_64, r-patched-linux-x86_64, r-release-linux-x86_64, r-release-macos-arm64, r-release-windows-x86_64
Version: 2.12
Check: Rd cross-references
Result: NOTE
Undeclared packages ‘ks’, ‘evd’, ‘ismev’, ‘mixtools’, ‘evir’, ‘smoothtail’ in Rd xrefs
Flavor: r-devel-linux-x86_64-fedora-clang
Version: 2.12
Check: installed package size
Result: NOTE
installed size is 5.9Mb
sub-directories of 1Mb or more:
R 2.0Mb
doc 2.9Mb
Flavors: r-release-macos-arm64, r-oldrel-macos-arm64, r-oldrel-macos-x86_64