CRAN Package Check Results for Package exact2x2

Last updated on 2025-07-12 22:49:09 CEST.

Flavor Version Tinstall Tcheck Ttotal Status Flags
r-devel-linux-x86_64-debian-clang 1.6.9 8.04 88.34 96.38 NOTE
r-devel-linux-x86_64-debian-gcc 1.6.9 5.27 59.99 65.26 NOTE
r-devel-linux-x86_64-fedora-clang 1.6.9 148.64 OK
r-devel-linux-x86_64-fedora-gcc 1.6.9 156.86 OK
r-devel-windows-x86_64 1.6.9 9.00 146.00 155.00 NOTE
r-patched-linux-x86_64 1.6.9 8.13 83.54 91.67 NOTE
r-release-linux-x86_64 1.6.9 6.71 82.99 89.70 NOTE
r-release-macos-arm64 1.6.9 82.00 OK
r-release-macos-x86_64 1.6.9 119.00 OK
r-release-windows-x86_64 1.6.9 10.00 0.00 10.00 FAIL
r-oldrel-macos-arm64 1.6.9 52.00 OK
r-oldrel-macos-x86_64 1.6.9 86.00 OK
r-oldrel-windows-x86_64 1.6.9 11.00 157.00 168.00 OK

Check Details

Version: 1.6.9
Check: CRAN incoming feasibility
Result: NOTE Maintainer: ‘Michael P. Fay <mfay@niaid.nih.gov>’ No Authors@R field in DESCRIPTION. Please add one, modifying Authors@R: c(person(given = c("Michael", "P."), family = "Fay", role = c("aut", "cre"), email = "mfay@niaid.nih.gov"), person(given = c("Sally", "A."), family = "Hunsberger", role = "ctb"), person(given = "Martha", family = "Nason", role = "ctb"), person(given = "Erin", family = "Gabriel", role = "ctb"), person(given = "Keith", family = "Lumbard", role = "ctb")) as necessary. Flavors: r-devel-linux-x86_64-debian-clang, r-devel-linux-x86_64-debian-gcc

Version: 1.6.9
Check: Rd cross-references
Result: NOTE Found the following Rd file(s) with Rd \link{} targets missing package anchors: power2x2.Rd: uniroot.integer, ss.nonadh unirootGrid.Rd: uniroot.integer Please provide package anchors for all Rd \link{} targets not in the package itself and the base packages. Flavors: r-devel-linux-x86_64-debian-clang, r-devel-linux-x86_64-debian-gcc, r-devel-windows-x86_64, r-patched-linux-x86_64, r-release-linux-x86_64, r-release-windows-x86_64

Version: 1.6.9
Check: re-building of vignette outputs
Result: FAIL Check process probably crashed or hung up for 20 minutes ... killed Most likely this happened in the example checks (?), if not, ignore the following last lines of example output: $iter [1] 11 $f.root [1] 0.00109375 $root [1] 0.3710938 $bound [1] 0.3691406 0.3730469 > > > > ### * <FOOTER> > ### > cleanEx() > options(digits = 7L) > base::cat("Time elapsed: ", proc.time() - base::get("ptime", pos = 'CheckExEnv'),"\n") Time elapsed: 3.5 0.17 3.69 NA NA > grDevices::dev.off() null device 1 > ### > ### Local variables: *** > ### mode: outline-minor *** > ### outline-regexp: "\\(> \\)?### [*]+" *** > ### End: *** > quit('no') ======== End of example output (where/before crash/hang up occured ?) ======== Flavor: r-release-windows-x86_64