Last updated on 2024-06-13 06:58:00 CEST.
Flavor | Version | Tinstall | Tcheck | Ttotal | Status | Flags |
---|---|---|---|---|---|---|
r-devel-linux-x86_64-debian-clang | 1.4-4 | 4.93 | 49.45 | 54.38 | OK | |
r-devel-linux-x86_64-debian-gcc | 1.4-4 | 0.38 | 1.85 | 2.23 | ERROR | |
r-devel-linux-x86_64-fedora-clang | 1.4-4 | 70.24 | OK | |||
r-devel-linux-x86_64-fedora-gcc | 1.4-4 | 78.37 | OK | |||
r-devel-windows-x86_64 | 1.4-4 | 5.00 | 67.00 | 72.00 | OK | |
r-patched-linux-x86_64 | 1.4-4 | 10.11 | 49.82 | 59.93 | OK | |
r-release-linux-x86_64 | 1.4-4 | 4.34 | 47.63 | 51.97 | OK | |
r-release-macos-arm64 | 1.4-4 | 31.00 | OK | |||
r-release-macos-x86_64 | 1.4-4 | 49.00 | OK | |||
r-release-windows-x86_64 | 1.4-4 | 5.00 | 68.00 | 73.00 | OK | |
r-oldrel-macos-arm64 | 1.4-4 | 31.00 | OK | |||
r-oldrel-macos-x86_64 | 1.4-4 | 65.00 | OK | |||
r-oldrel-windows-x86_64 | 1.4-4 | 6.00 | 66.00 | 72.00 | OK |
Version: 1.4-4
Check: package dependencies
Result: ERROR
Package required but not available: ‘testthat’
Package suggested but not available for checking: ‘exact2x2’
See section ‘The DESCRIPTION file’ in the ‘Writing R Extensions’
manual.
Flavor: r-devel-linux-x86_64-debian-gcc