Last updated on 2025-07-13 04:48:46 CEST.
Flavor | Version | Tinstall | Tcheck | Ttotal | Status | Flags |
---|---|---|---|---|---|---|
r-devel-linux-x86_64-debian-clang | 1.4.0 | 62.66 | 162.29 | 224.95 | OK | |
r-devel-linux-x86_64-debian-gcc | 1.4.0 | 35.17 | 110.08 | 145.25 | OK | |
r-devel-linux-x86_64-fedora-clang | 1.4.0 | 395.79 | OK | |||
r-devel-linux-x86_64-fedora-gcc | 1.4.0 | 355.11 | OK | |||
r-devel-windows-x86_64 | 1.4.0 | 66.00 | 155.00 | 221.00 | OK | |
r-patched-linux-x86_64 | 1.4.0 | 45.71 | 148.56 | 194.27 | OK | |
r-release-linux-x86_64 | 1.4.0 | 44.01 | 148.31 | 192.32 | OK | |
r-release-macos-arm64 | 1.4.0 | 101.00 | OK | |||
r-release-macos-x86_64 | 1.4.0 | 125.00 | OK | |||
r-release-windows-x86_64 | 1.4.0 | 70.00 | 162.00 | 232.00 | OK | |
r-oldrel-macos-arm64 | 1.4.0 | 78.00 | NOTE | |||
r-oldrel-macos-x86_64 | 1.4.0 | 124.00 | NOTE | |||
r-oldrel-windows-x86_64 | 1.4.0 | 93.00 | 208.00 | 301.00 | NOTE |
Version: 1.4.0
Check: installed package size
Result: NOTE
installed size is 9.2Mb
sub-directories of 1Mb or more:
Report 1.3Mb
app 2.7Mb
doc 1.2Mb
libs 1.9Mb
Flavors: r-oldrel-macos-arm64, r-oldrel-macos-x86_64, r-oldrel-windows-x86_64