Last updated on 2024-05-23 14:48:12 CEST.
Flavor | Version | Tinstall | Tcheck | Ttotal | Status | Flags |
---|---|---|---|---|---|---|
r-devel-linux-x86_64-debian-clang | 3042.78 | 5.34 | 51.99 | 57.33 | NOTE | |
r-devel-linux-x86_64-debian-gcc | 3042.78 | 4.34 | 38.57 | 42.91 | NOTE | |
r-devel-linux-x86_64-fedora-clang | 3042.78 | 76.50 | NOTE | |||
r-devel-linux-x86_64-fedora-gcc | 3042.78 | 67.84 | NOTE | |||
r-devel-windows-x86_64 | 3042.78 | 5.00 | 55.00 | 60.00 | NOTE | |
r-patched-linux-x86_64 | 3042.78 | 5.90 | 50.25 | 56.15 | NOTE | |
r-release-linux-x86_64 | 3042.78 | 4.34 | 50.08 | 54.42 | NOTE | |
r-release-macos-arm64 | 3042.78 | 24.00 | NOTE | |||
r-release-windows-x86_64 | 3042.78 | 5.00 | 55.00 | 60.00 | NOTE | |
r-oldrel-macos-arm64 | 3042.78 | 25.00 | NOTE | |||
r-oldrel-macos-x86_64 | 3042.78 | 37.00 | NOTE | |||
r-oldrel-windows-x86_64 | 3042.78 | 7.00 | 59.00 | 66.00 | NOTE |
Version: 3042.78
Check: LazyData
Result: NOTE
'LazyData' is specified without a 'data' directory
Flavors: r-devel-linux-x86_64-debian-clang, r-devel-linux-x86_64-debian-gcc, r-devel-linux-x86_64-fedora-clang, r-devel-linux-x86_64-fedora-gcc, r-devel-windows-x86_64, r-patched-linux-x86_64, r-release-linux-x86_64, r-release-macos-arm64, r-release-windows-x86_64, r-oldrel-macos-arm64, r-oldrel-macos-x86_64, r-oldrel-windows-x86_64